CRAN Package Check Results for Package mccr

Last updated on 2024-07-24 20:52:26 CEST.

Flavor Version Tinstall Tcheck Ttotal Status Flags
r-devel-linux-x86_64-debian-clang 0.4.4 2.06 21.67 23.73 NOTE
r-devel-linux-x86_64-debian-gcc 0.4.4 1.41 16.57 17.98 NOTE
r-devel-linux-x86_64-fedora-clang 0.4.4 29.54 NOTE
r-devel-linux-x86_64-fedora-gcc 0.4.4 28.71 NOTE
r-devel-windows-x86_64 0.4.4 3.00 39.00 42.00 NOTE
r-patched-linux-x86_64 0.4.4 1.84 20.34 22.18 NOTE
r-release-linux-x86_64 0.4.4 1.18 20.81 21.99 NOTE
r-release-macos-arm64 0.4.4 14.00 NOTE
r-release-macos-x86_64 0.4.4 26.00 NOTE
r-release-windows-x86_64 0.4.4 2.00 37.00 39.00 NOTE
r-oldrel-macos-arm64 0.4.4 16.00 NOTE
r-oldrel-macos-x86_64 0.4.4 21.00 NOTE
r-oldrel-windows-x86_64 0.4.4 2.00 38.00 40.00 NOTE

Check Details

Version: 0.4.4
Check: LazyData
Result: NOTE 'LazyData' is specified without a 'data' directory Flavors: r-devel-linux-x86_64-debian-clang, r-devel-linux-x86_64-debian-gcc, r-devel-linux-x86_64-fedora-clang, r-devel-linux-x86_64-fedora-gcc, r-devel-windows-x86_64, r-patched-linux-x86_64, r-release-linux-x86_64, r-release-macos-arm64, r-release-macos-x86_64, r-release-windows-x86_64, r-oldrel-macos-arm64, r-oldrel-macos-x86_64, r-oldrel-windows-x86_64