CRAN Package Check Results for Package mapStats

Last updated on 2025-01-15 07:53:01 CET.

Flavor Version Tinstall Tcheck Ttotal Status Flags
r-devel-linux-x86_64-debian-clang 3.1 14.00 111.51 125.51 NOTE
r-devel-linux-x86_64-debian-gcc 3.1 9.92 79.28 89.20 NOTE
r-devel-linux-x86_64-fedora-clang 3.1 194.70 OK
r-devel-linux-x86_64-fedora-gcc 3.1 195.06 OK
r-devel-windows-x86_64 3.1 16.00 110.00 126.00 NOTE
r-patched-linux-x86_64 3.1 17.12 100.76 117.88 OK
r-release-linux-x86_64 3.1 12.42 101.20 113.62 OK
r-release-macos-arm64 3.1 48.00 OK
r-release-macos-x86_64 3.1 105.00 OK
r-release-windows-x86_64 3.1 16.00 109.00 125.00 OK
r-oldrel-macos-arm64 3.1 54.00 OK
r-oldrel-macos-x86_64 3.1 151.00 OK
r-oldrel-windows-x86_64 3.1 17.00 136.00 153.00 OK

Check Details

Version: 3.1
Check: Rd cross-references
Result: NOTE Found the following Rd file(s) with Rd \link{} targets missing package anchors: mapStats.Rd: spplot Please provide package anchors for all Rd \link{} targets not in the package itself and the base packages. Flavors: r-devel-linux-x86_64-debian-clang, r-devel-linux-x86_64-debian-gcc, r-devel-windows-x86_64