CRAN Package Check Results for Package managelocalrepo

Last updated on 2024-06-17 19:51:33 CEST.

Flavor Version Tinstall Tcheck Ttotal Status Flags
r-devel-linux-x86_64-debian-clang 0.1.5 2.24 21.15 23.39 NOTE
r-devel-linux-x86_64-debian-gcc 0.1.5 1.29 16.76 18.05 NOTE
r-devel-linux-x86_64-fedora-clang 0.1.5 29.93 NOTE
r-devel-linux-x86_64-fedora-gcc 0.1.5 28.47 NOTE
r-devel-windows-x86_64 0.1.5 2.00 38.00 40.00 NOTE
r-patched-linux-x86_64 0.1.5 2.35 20.79 23.14 NOTE
r-release-linux-x86_64 0.1.5 1.67 20.59 22.26 NOTE
r-release-macos-arm64 0.1.5 15.00 NOTE
r-release-macos-x86_64 0.1.5 21.00 NOTE
r-release-windows-x86_64 0.1.5 3.00 40.00 43.00 NOTE
r-oldrel-macos-arm64 0.1.5 15.00 OK
r-oldrel-macos-x86_64 0.1.5 18.00 OK
r-oldrel-windows-x86_64 0.1.5 4.00 41.00 45.00 OK

Check Details

Version: 0.1.5
Check: Rd files
Result: NOTE checkRd: (-1) create_terminal_dir.Rd:11: Lost braces; missing escapes or markup? 11 | the following child folders: {repo_base}/bin/ and {repo_base}/src/. A | ^ checkRd: (-1) create_terminal_dir.Rd:11: Lost braces; missing escapes or markup? 11 | the following child folders: {repo_base}/bin/ and {repo_base}/src/. A | ^ checkRd: (-1) full_repo_dir.Rd:11: Lost braces; missing escapes or markup? 11 | the following child folders: {repo_base}/bin/ and {repo_base}/src/. A | ^ checkRd: (-1) full_repo_dir.Rd:11: Lost braces; missing escapes or markup? 11 | the following child folders: {repo_base}/bin/ and {repo_base}/src/. A | ^ Flavors: r-devel-linux-x86_64-debian-clang, r-devel-linux-x86_64-debian-gcc, r-devel-linux-x86_64-fedora-clang, r-devel-linux-x86_64-fedora-gcc, r-devel-windows-x86_64, r-patched-linux-x86_64, r-release-linux-x86_64, r-release-macos-arm64, r-release-macos-x86_64, r-release-windows-x86_64