CRAN Package Check Results for Package mSTEM

Last updated on 2024-04-22 19:56:18 CEST.

Flavor Version Tinstall Tcheck Ttotal Status Flags
r-devel-linux-x86_64-debian-clang 1.0-1 3.50 32.70 36.20 NOTE
r-devel-linux-x86_64-debian-gcc 1.0-1 3.02 24.55 27.57 NOTE
r-devel-linux-x86_64-fedora-clang 1.0-1 43.97 NOTE
r-devel-linux-x86_64-fedora-gcc 1.0-1 43.05 NOTE
r-prerel-macos-arm64 1.0-1 18.00 NOTE
r-prerel-windows-x86_64 1.0-1 6.00 47.00 53.00 NOTE
r-patched-linux-x86_64 1.0-1 3.94 30.07 34.01 NOTE
r-release-linux-x86_64 1.0-1 3.70 30.21 33.91 NOTE
r-release-macos-arm64 1.0-1 19.00 NOTE
r-release-macos-x86_64 1.0-1 27.00 NOTE
r-release-windows-x86_64 1.0-1 5.00 48.00 53.00 NOTE
r-oldrel-macos-arm64 1.0-1 18.00 NOTE
r-oldrel-windows-x86_64 1.0-1 5.00 52.00 57.00 NOTE

Check Details

Version: 1.0-1
Check: LazyData
Result: NOTE 'LazyData' is specified without a 'data' directory Flavors: r-devel-linux-x86_64-debian-clang, r-devel-linux-x86_64-debian-gcc, r-devel-linux-x86_64-fedora-clang, r-devel-linux-x86_64-fedora-gcc, r-prerel-macos-arm64, r-prerel-windows-x86_64, r-patched-linux-x86_64, r-release-linux-x86_64, r-release-macos-arm64, r-release-macos-x86_64, r-release-windows-x86_64, r-oldrel-macos-arm64, r-oldrel-windows-x86_64