CRAN Package Check Results for Package lowmemtkmeans

Last updated on 2024-05-24 19:56:36 CEST.

Flavor Version Tinstall Tcheck Ttotal Status Flags
r-devel-linux-x86_64-debian-clang 0.1.2 43.97 30.76 74.73 NOTE
r-devel-linux-x86_64-debian-gcc 0.1.2 27.42 23.89 51.31 NOTE
r-devel-linux-x86_64-fedora-clang 0.1.2 95.34 NOTE
r-devel-linux-x86_64-fedora-gcc 0.1.2 98.43 NOTE
r-devel-windows-x86_64 0.1.2 28.00 58.00 86.00 NOTE
r-patched-linux-x86_64 0.1.2 27.77 30.05 57.82 NOTE
r-release-linux-x86_64 0.1.2 33.90 29.82 63.72 NOTE
r-release-macos-arm64 0.1.2 26.00 NOTE
r-release-windows-x86_64 0.1.2 30.00 60.00 90.00 NOTE
r-oldrel-macos-arm64 0.1.2 27.00 NOTE
r-oldrel-macos-x86_64 0.1.2 44.00 NOTE
r-oldrel-windows-x86_64 0.1.2 36.00 72.00 108.00 NOTE

Check Details

Version: 0.1.2
Check: C++ specification
Result: NOTE Specified C++11: please drop specification unless essential Flavors: r-devel-linux-x86_64-debian-clang, r-devel-linux-x86_64-debian-gcc, r-devel-linux-x86_64-fedora-clang, r-devel-linux-x86_64-fedora-gcc, r-devel-windows-x86_64, r-patched-linux-x86_64, r-release-linux-x86_64, r-release-macos-arm64, r-release-windows-x86_64, r-oldrel-macos-arm64, r-oldrel-macos-x86_64, r-oldrel-windows-x86_64

Version: 0.1.2
Check: LazyData
Result: NOTE 'LazyData' is specified without a 'data' directory Flavors: r-devel-linux-x86_64-debian-clang, r-devel-linux-x86_64-debian-gcc, r-devel-linux-x86_64-fedora-clang, r-devel-linux-x86_64-fedora-gcc, r-devel-windows-x86_64, r-patched-linux-x86_64, r-release-linux-x86_64, r-release-macos-arm64, r-release-windows-x86_64, r-oldrel-macos-arm64, r-oldrel-macos-x86_64, r-oldrel-windows-x86_64

Version: 0.1.2
Check: compiled code
Result: NOTE File ‘lowmemtkmeans/libs/lowmemtkmeans.so’: Found no calls to: ‘R_registerRoutines’, ‘R_useDynamicSymbols’ It is good practice to register native routines and to disable symbol search. See ‘Writing portable packages’ in the ‘Writing R Extensions’ manual. Flavors: r-devel-linux-x86_64-fedora-clang, r-devel-linux-x86_64-fedora-gcc