CRAN Package Check Results for Package localICE

Last updated on 2024-05-30 07:58:56 CEST.

Flavor Version Tinstall Tcheck Ttotal Status Flags
r-devel-linux-x86_64-debian-clang 0.1.1 5.28 54.82 60.10 NOTE
r-devel-linux-x86_64-debian-gcc 0.1.1 4.42 40.81 45.23 NOTE
r-devel-linux-x86_64-fedora-clang 0.1.1 74.14 NOTE
r-devel-linux-x86_64-fedora-gcc 0.1.1 75.50 NOTE
r-devel-windows-x86_64 0.1.1 6.00 57.00 63.00 NOTE
r-patched-linux-x86_64 0.1.1 4.21 51.90 56.11 NOTE
r-release-linux-x86_64 0.1.1 4.79 51.08 55.87 NOTE
r-release-macos-arm64 0.1.1 25.00 NOTE
r-release-windows-x86_64 0.1.1 6.00 57.00 63.00 NOTE
r-oldrel-macos-arm64 0.1.1 29.00 NOTE
r-oldrel-macos-x86_64 0.1.1 39.00 NOTE
r-oldrel-windows-x86_64 0.1.1 8.00 68.00 76.00 NOTE

Check Details

Version: 0.1.1
Check: LazyData
Result: NOTE 'LazyData' is specified without a 'data' directory Flavors: r-devel-linux-x86_64-debian-clang, r-devel-linux-x86_64-debian-gcc, r-devel-linux-x86_64-fedora-clang, r-devel-linux-x86_64-fedora-gcc, r-devel-windows-x86_64, r-patched-linux-x86_64, r-release-linux-x86_64, r-release-macos-arm64, r-release-windows-x86_64, r-oldrel-macos-arm64, r-oldrel-macos-x86_64, r-oldrel-windows-x86_64

Version: 0.1.1
Check: dependencies in R code
Result: NOTE Namespace in Imports field not imported from: ‘checkmate’ All declared Imports should be used. Flavors: r-devel-linux-x86_64-fedora-clang, r-devel-linux-x86_64-fedora-gcc