CRAN Package Check Results for Package lmfor

Last updated on 2024-07-21 08:49:21 CEST.

Flavor Version Tinstall Tcheck Ttotal Status Flags
r-devel-linux-x86_64-debian-clang 1.6 9.46 127.19 136.65 OK
r-devel-linux-x86_64-debian-gcc 1.6 9.81 93.93 103.74 NOTE
r-devel-linux-x86_64-fedora-clang 1.6 172.40 OK
r-devel-linux-x86_64-fedora-gcc 1.6 173.50 OK
r-devel-windows-x86_64 1.6 13.00 122.00 135.00 NOTE
r-patched-linux-x86_64 1.6 8.72 119.16 127.88 OK
r-release-linux-x86_64 1.6 9.22 116.35 125.57 OK
r-release-macos-arm64 1.6 56.00 OK
r-release-macos-x86_64 1.6 74.00 OK
r-release-windows-x86_64 1.6 12.00 121.00 133.00 OK
r-oldrel-macos-arm64 1.6 61.00 OK
r-oldrel-macos-x86_64 1.6 79.00 OK
r-oldrel-windows-x86_64 1.6 16.00 138.00 154.00 OK

Check Details

Version: 1.6
Check: Rd cross-references
Result: NOTE Found the following Rd file(s) with Rd \link{} targets missing package anchors: fithd.Rd: nlme, lme, gls, gnls Please provide package anchors for all Rd \link{} targets not in the package itself and the base packages. Flavors: r-devel-linux-x86_64-debian-gcc, r-devel-windows-x86_64