CRAN Package Check Results for Package llbayesireg

Last updated on 2024-06-18 19:49:12 CEST.

Flavor Version Tinstall Tcheck Ttotal Status Flags
r-devel-linux-x86_64-debian-clang 1.0.0 35.09 171.09 206.18 NOTE
r-devel-linux-x86_64-debian-gcc 1.0.0 27.87 126.88 154.75 NOTE
r-devel-linux-x86_64-fedora-clang 1.0.0 258.71 NOTE
r-devel-linux-x86_64-fedora-gcc 1.0.0 244.80 NOTE
r-devel-windows-x86_64 1.0.0 19.00 120.00 139.00 NOTE
r-patched-linux-x86_64 1.0.0 21.05 166.67 187.72 NOTE
r-release-linux-x86_64 1.0.0 22.76 168.42 191.18 NOTE
r-release-macos-arm64 1.0.0 63.00 NOTE
r-release-macos-x86_64 1.0.0 118.00 NOTE
r-release-windows-x86_64 1.0.0 19.00 124.00 143.00 NOTE
r-oldrel-macos-arm64 1.0.0 50.00 NOTE
r-oldrel-macos-x86_64 1.0.0 91.00 NOTE
r-oldrel-windows-x86_64 1.0.0 25.00 153.00 178.00 NOTE

Check Details

Version: 1.0.0
Check: Rd files
Result: NOTE checkRd: (-1) MHDI.Rd:23: Escaped LaTeX specials: \& Flavors: r-devel-linux-x86_64-debian-clang, r-devel-linux-x86_64-debian-gcc, r-devel-linux-x86_64-fedora-clang, r-devel-linux-x86_64-fedora-gcc, r-devel-windows-x86_64, r-patched-linux-x86_64, r-release-linux-x86_64, r-release-macos-arm64, r-release-macos-x86_64, r-release-windows-x86_64, r-oldrel-macos-arm64, r-oldrel-macos-x86_64, r-oldrel-windows-x86_64