CRAN Package Check Results for Package linkprediction

Last updated on 2024-05-25 19:54:24 CEST.

Flavor Version Tinstall Tcheck Ttotal Status Flags
r-devel-linux-x86_64-debian-clang 1.0-0 2.50 33.50 36.00 NOTE
r-devel-linux-x86_64-debian-gcc 1.0-0 1.84 26.30 28.14 NOTE
r-devel-linux-x86_64-fedora-clang 1.0-0 47.79 NOTE
r-devel-linux-x86_64-fedora-gcc 1.0-0 60.34 NOTE
r-devel-windows-x86_64 1.0-0 3.00 48.00 51.00 NOTE
r-patched-linux-x86_64 1.0-0 2.81 33.49 36.30 NOTE
r-release-linux-x86_64 1.0-0 2.47 32.16 34.63 NOTE
r-release-macos-arm64 1.0-0 25.00 NOTE
r-release-windows-x86_64 1.0-0 4.00 47.00 51.00 NOTE
r-oldrel-macos-arm64 1.0-0 27.00 NOTE
r-oldrel-macos-x86_64 1.0-0 33.00 NOTE
r-oldrel-windows-x86_64 1.0-0 4.00 51.00 55.00 NOTE

Check Details

Version: 1.0-0
Check: LazyData
Result: NOTE 'LazyData' is specified without a 'data' directory Flavors: r-devel-linux-x86_64-debian-clang, r-devel-linux-x86_64-debian-gcc, r-devel-linux-x86_64-fedora-clang, r-devel-linux-x86_64-fedora-gcc, r-devel-windows-x86_64, r-patched-linux-x86_64, r-release-linux-x86_64, r-release-macos-arm64, r-release-windows-x86_64, r-oldrel-macos-arm64, r-oldrel-macos-x86_64, r-oldrel-windows-x86_64