Last updated on 2025-01-20 19:49:17 CET.
Flavor | Version | Tinstall | Tcheck | Ttotal | Status | Flags |
---|---|---|---|---|---|---|
r-devel-linux-x86_64-debian-clang | 1.1 | 27.49 | 132.84 | 160.33 | OK | |
r-devel-linux-x86_64-debian-gcc | 1.1 | 22.16 | 101.36 | 123.52 | OK | |
r-devel-linux-x86_64-fedora-clang | 1.1 | 285.17 | NOTE | |||
r-devel-linux-x86_64-fedora-gcc | 1.1 | 321.74 | NOTE | |||
r-devel-windows-x86_64 | 1.1 | 32.00 | 181.00 | 213.00 | OK | |
r-patched-linux-x86_64 | 1.1 | 28.83 | 146.98 | 175.81 | OK | |
r-release-linux-x86_64 | 1.1 | 30.61 | 150.99 | 181.60 | OK | |
r-release-macos-arm64 | 1.1 | 99.00 | NOTE | |||
r-release-macos-x86_64 | 1.1 | 209.00 | NOTE | |||
r-release-windows-x86_64 | 1.1 | 33.00 | 179.00 | 212.00 | OK | |
r-oldrel-macos-arm64 | 1.1 | 110.00 | NOTE | |||
r-oldrel-macos-x86_64 | 1.1 | 156.00 | NOTE | |||
r-oldrel-windows-x86_64 | 1.1 | 36.00 | 220.00 | 256.00 | OK |
Version: 1.1
Check: dependencies in R code
Result: NOTE
Namespaces in Imports field not imported from:
‘ggplot2’ ‘knitr’ ‘purrr’ ‘rmarkdown’
All declared Imports should be used.
Flavors: r-devel-linux-x86_64-fedora-clang, r-devel-linux-x86_64-fedora-gcc
Version: 1.1
Check: installed package size
Result: NOTE
installed size is 11.4Mb
sub-directories of 1Mb or more:
data 1.8Mb
libs 9.1Mb
Flavors: r-release-macos-arm64, r-release-macos-x86_64, r-oldrel-macos-arm64, r-oldrel-macos-x86_64