Last updated on 2025-01-25 19:48:47 CET.
Flavor | Version | Tinstall | Tcheck | Ttotal | Status | Flags |
---|---|---|---|---|---|---|
r-devel-linux-x86_64-debian-clang | 0.1.2 | 41.65 | 111.66 | 153.31 | OK | |
r-devel-linux-x86_64-debian-gcc | 0.1.2 | 30.86 | 73.57 | 104.43 | OK | |
r-devel-linux-x86_64-fedora-clang | 0.1.2 | 260.44 | OK | |||
r-devel-linux-x86_64-fedora-gcc | 0.1.2 | 274.12 | OK | |||
r-devel-windows-x86_64 | 0.1.2 | 44.00 | 126.00 | 170.00 | OK | |
r-patched-linux-x86_64 | 0.1.2 | 42.06 | 102.89 | 144.95 | OK | |
r-release-linux-x86_64 | 0.1.2 | 44.87 | 100.90 | 145.77 | OK | |
r-release-macos-arm64 | 0.1.2 | 67.00 | OK | |||
r-release-macos-x86_64 | 0.1.2 | 97.00 | OK | |||
r-release-windows-x86_64 | 0.1.2 | 42.00 | 129.00 | 171.00 | NOTE | |
r-oldrel-macos-arm64 | 0.1.2 | 74.00 | OK | |||
r-oldrel-macos-x86_64 | 0.1.2 | 118.00 | OK | |||
r-oldrel-windows-x86_64 | 0.1.2 | 50.00 | 151.00 | 201.00 | NOTE |
Version: 0.1.2
Check: package dependencies
Result: NOTE
Package suggested but not available for checking: 'doMC'
Flavors: r-release-windows-x86_64, r-oldrel-windows-x86_64