Last updated on 2025-01-19 19:48:22 CET.
Flavor | Version | Tinstall | Tcheck | Ttotal | Status | Flags |
---|---|---|---|---|---|---|
r-devel-linux-x86_64-debian-clang | 2.1.5 | 87.98 | 99.58 | 187.56 | NOTE | |
r-devel-linux-x86_64-debian-gcc | 2.1.5 | 57.50 | 69.84 | 127.34 | NOTE | |
r-devel-linux-x86_64-fedora-clang | 2.1.5 | 373.13 | NOTE | |||
r-devel-linux-x86_64-fedora-gcc | 2.1.5 | 377.90 | NOTE | |||
r-devel-windows-x86_64 | 2.1.5 | 89.00 | 157.00 | 246.00 | NOTE | |
r-patched-linux-x86_64 | 2.1.5 | 85.61 | 93.07 | 178.68 | NOTE | |
r-release-linux-x86_64 | 2.1.5 | 86.03 | 93.51 | 179.54 | NOTE | |
r-release-macos-arm64 | 2.1.5 | 84.00 | NOTE | |||
r-release-macos-x86_64 | 2.1.5 | 107.00 | NOTE | |||
r-release-windows-x86_64 | 2.1.5 | 87.00 | 158.00 | 245.00 | NOTE | |
r-oldrel-macos-arm64 | 2.1.5 | 79.00 | NOTE | |||
r-oldrel-macos-x86_64 | 2.1.5 | 129.00 | NOTE | |||
r-oldrel-windows-x86_64 | 2.1.5 | 100.00 | 175.00 | 275.00 | NOTE |
Version: 2.1.5
Check: C++ specification
Result: NOTE
Specified C++11: please drop specification unless essential
Flavors: r-devel-linux-x86_64-debian-clang, r-devel-linux-x86_64-debian-gcc, r-devel-linux-x86_64-fedora-clang, r-devel-linux-x86_64-fedora-gcc, r-devel-windows-x86_64, r-patched-linux-x86_64, r-release-linux-x86_64, r-release-macos-arm64, r-release-macos-x86_64, r-release-windows-x86_64, r-oldrel-macos-arm64, r-oldrel-macos-x86_64, r-oldrel-windows-x86_64
Version: 2.1.5
Check: installed package size
Result: NOTE
installed size is 5.7Mb
sub-directories of 1Mb or more:
libs 5.0Mb
Flavors: r-release-macos-arm64, r-release-macos-x86_64, r-oldrel-macos-arm64, r-oldrel-macos-x86_64
Version: 2.1.5
Check: package dependencies
Result: NOTE
Package suggested but not available for checking: ‘VariantAnnotation’
Flavors: r-oldrel-macos-arm64, r-oldrel-macos-x86_64