CRAN Package Check Results for Package lambda.r

Last updated on 2024-05-24 19:56:35 CEST.

Flavor Version Tinstall Tcheck Ttotal Status Flags
r-devel-linux-x86_64-debian-clang 1.2.4 4.02 36.76 40.78 NOTE
r-devel-linux-x86_64-debian-gcc 1.2.4 2.64 27.37 30.01 NOTE
r-devel-linux-x86_64-fedora-clang 1.2.4 49.61 NOTE
r-devel-linux-x86_64-fedora-gcc 1.2.4 47.40 NOTE
r-devel-windows-x86_64 1.2.4 4.00 52.00 56.00 NOTE
r-patched-linux-x86_64 1.2.4 4.08 34.48 38.56 NOTE
r-release-linux-x86_64 1.2.4 3.52 35.46 38.98 NOTE
r-release-macos-arm64 1.2.4 21.00 NOTE
r-release-windows-x86_64 1.2.4 4.00 53.00 57.00 NOTE
r-oldrel-macos-arm64 1.2.4 20.00 OK
r-oldrel-macos-x86_64 1.2.4 28.00 OK
r-oldrel-windows-x86_64 1.2.4 4.00 53.00 57.00 OK

Check Details

Version: 1.2.4
Check: Rd files
Result: NOTE checkRd: (-1) lambda.r-package.Rd:71-74: Lost braces 71 | x \%g\% y \%:=\% { | ^ Flavors: r-devel-linux-x86_64-debian-clang, r-devel-linux-x86_64-debian-gcc, r-devel-linux-x86_64-fedora-clang, r-devel-linux-x86_64-fedora-gcc, r-devel-windows-x86_64, r-patched-linux-x86_64, r-release-linux-x86_64, r-release-macos-arm64, r-release-windows-x86_64