CRAN Package Check Results for Package knitLatex

Last updated on 2024-04-18 07:58:18 CEST.

Flavor Version Tinstall Tcheck Ttotal Status Flags
r-devel-linux-x86_64-debian-clang 0.9.0 1.43 26.09 27.52 NOTE
r-devel-linux-x86_64-debian-gcc 0.9.0 1.39 20.05 21.44 NOTE
r-devel-linux-x86_64-fedora-clang 0.9.0 37.01 NOTE
r-devel-linux-x86_64-fedora-gcc 0.9.0 58.24 NOTE
r-prerel-macos-arm64 0.9.0 27.00 NOTE
r-prerel-windows-x86_64 0.9.0 3.00 41.00 44.00 NOTE
r-patched-linux-x86_64 0.9.0 2.20 24.40 26.60 NOTE
r-release-linux-x86_64 0.9.0 1.52 23.23 24.75 NOTE
r-release-macos-arm64 0.9.0 27.00 NOTE
r-release-macos-x86_64 0.9.0 41.00 NOTE
r-release-windows-x86_64 0.9.0 4.00 41.00 45.00 NOTE
r-oldrel-macos-arm64 0.9.0 20.00 NOTE
r-oldrel-windows-x86_64 0.9.0 3.00 45.00 48.00 NOTE

Check Details

Version: 0.9.0
Check: LazyData
Result: NOTE 'LazyData' is specified without a 'data' directory Flavors: r-devel-linux-x86_64-debian-clang, r-devel-linux-x86_64-debian-gcc, r-devel-linux-x86_64-fedora-clang, r-devel-linux-x86_64-fedora-gcc, r-prerel-macos-arm64, r-prerel-windows-x86_64, r-patched-linux-x86_64, r-release-linux-x86_64, r-release-macos-arm64, r-release-macos-x86_64, r-release-windows-x86_64, r-oldrel-macos-arm64, r-oldrel-windows-x86_64