CRAN Package Check Results for Package klausuR

Last updated on 2024-06-17 19:51:32 CEST.

Flavor Version Tinstall Tcheck Ttotal Status Flags
r-devel-linux-x86_64-debian-clang 0.12-14 8.92 52.62 61.54 NOTE
r-devel-linux-x86_64-debian-gcc 0.12-14 5.88 40.10 45.98 NOTE
r-devel-linux-x86_64-fedora-clang 0.12-14 75.71 NOTE
r-devel-linux-x86_64-fedora-gcc 0.12-14 72.53 NOTE
r-devel-windows-x86_64 0.12-14 7.00 63.00 70.00 NOTE
r-patched-linux-x86_64 0.12-14 8.77 51.16 59.93 NOTE
r-release-linux-x86_64 0.12-14 7.19 50.21 57.40 NOTE
r-release-macos-arm64 0.12-14 25.00 NOTE
r-release-macos-x86_64 0.12-14 37.00 NOTE
r-release-windows-x86_64 0.12-14 7.00 63.00 70.00 NOTE
r-oldrel-macos-arm64 0.12-14 26.00 NOTE
r-oldrel-macos-x86_64 0.12-14 39.00 NOTE
r-oldrel-windows-x86_64 0.12-14 10.00 69.00 79.00 NOTE

Check Details

Version: 0.12-14
Check: package dependencies
Result: NOTE Package which this enhances but not available for checking: ‘rkward’ Flavors: r-devel-linux-x86_64-debian-clang, r-devel-linux-x86_64-debian-gcc, r-devel-linux-x86_64-fedora-clang, r-devel-linux-x86_64-fedora-gcc, r-devel-windows-x86_64, r-patched-linux-x86_64, r-release-linux-x86_64, r-release-macos-arm64, r-release-macos-x86_64, r-release-windows-x86_64, r-oldrel-macos-arm64, r-oldrel-macos-x86_64, r-oldrel-windows-x86_64

Version: 0.12-14
Check: Rd files
Result: NOTE checkRd: (-1) klausuR.answ-class.Rd:17: Lost braces in \itemize; meant \describe ? checkRd: (-1) klausuR.answ-class.Rd:18-22: Lost braces in \itemize; meant \describe ? checkRd: (-1) klausuR.answ-class.Rd:23-24: Lost braces in \itemize; meant \describe ? checkRd: (-1) klausuR.answ-class.Rd:34: Lost braces in \itemize; meant \describe ? checkRd: (-1) klausuR.answ-class.Rd:35: Lost braces in \itemize; meant \describe ? checkRd: (-1) klausuR.answ-class.Rd:36-37: Lost braces in \itemize; meant \describe ? checkRd: (-1) klausur.Rd:107-109: Lost braces in \itemize; meant \describe ? checkRd: (-1) klausur.Rd:110-111: Lost braces in \itemize; meant \describe ? checkRd: (-1) klausur.Rd:112-113: Lost braces in \itemize; meant \describe ? checkRd: (-1) klausur.Rd:114-116: Lost braces in \itemize; meant \describe ? checkRd: (-1) klausur.Rd:117-118: Lost braces in \itemize; meant \describe ? checkRd: (-1) klausur.Rd:119-120: Lost braces in \itemize; meant \describe ? checkRd: (-1) klausur.Rd:121-123: Lost braces in \itemize; meant \describe ? checkRd: (-1) klausur.Rd:124-126: Lost braces in \itemize; meant \describe ? checkRd: (-1) klausur.Rd:147: Lost braces in \itemize; meant \describe ? checkRd: (-1) klausur.Rd:148: Lost braces in \itemize; meant \describe ? checkRd: (-1) klausur.Rd:149: Lost braces in \itemize; meant \describe ? checkRd: (-1) klausur.Rd:150: Lost braces in \itemize; meant \describe ? checkRd: (-1) klausur.Rd:151: Lost braces in \itemize; meant \describe ? checkRd: (-1) klausur.Rd:152-155: Lost braces in \itemize; meant \describe ? Flavors: r-devel-linux-x86_64-debian-clang, r-devel-linux-x86_64-debian-gcc, r-devel-linux-x86_64-fedora-clang, r-devel-linux-x86_64-fedora-gcc, r-devel-windows-x86_64, r-patched-linux-x86_64, r-release-linux-x86_64, r-release-macos-arm64, r-release-macos-x86_64, r-release-windows-x86_64

Version: 0.12-14
Check: data for non-ASCII characters
Result: NOTE Note: found 8 marked UTF-8 strings Flavors: r-devel-linux-x86_64-fedora-clang, r-devel-linux-x86_64-fedora-gcc