CRAN Package Check Results for Package kgschart

Last updated on 2024-05-29 07:58:06 CEST.

Flavor Version Tinstall Tcheck Ttotal Status Flags
r-devel-linux-x86_64-debian-clang 1.3.5 3.20 43.58 46.78 NOTE
r-devel-linux-x86_64-debian-gcc 1.3.5 2.70 32.37 35.07 NOTE
r-devel-linux-x86_64-fedora-clang 1.3.5 58.19 NOTE
r-devel-linux-x86_64-fedora-gcc 1.3.5 56.62 NOTE
r-devel-windows-x86_64 1.3.5 5.00 58.00 63.00 NOTE
r-patched-linux-x86_64 1.3.5 3.19 41.24 44.43 NOTE
r-release-linux-x86_64 1.3.5 3.03 40.96 43.99 NOTE
r-release-macos-arm64 1.3.5 23.00 NOTE
r-release-windows-x86_64 1.3.5 4.00 55.00 59.00 NOTE
r-oldrel-macos-arm64 1.3.5 24.00 NOTE
r-oldrel-macos-x86_64 1.3.5 36.00 NOTE
r-oldrel-windows-x86_64 1.3.5 6.00 61.00 67.00 NOTE

Check Details

Version: 1.3.5
Check: LazyData
Result: NOTE 'LazyData' is specified without a 'data' directory Flavors: r-devel-linux-x86_64-debian-clang, r-devel-linux-x86_64-debian-gcc, r-devel-linux-x86_64-fedora-clang, r-devel-linux-x86_64-fedora-gcc, r-devel-windows-x86_64, r-patched-linux-x86_64, r-release-linux-x86_64, r-release-macos-arm64, r-release-windows-x86_64, r-oldrel-macos-arm64, r-oldrel-macos-x86_64, r-oldrel-windows-x86_64