Last updated on 2025-01-25 19:48:47 CET.
Flavor | Version | Tinstall | Tcheck | Ttotal | Status | Flags |
---|---|---|---|---|---|---|
r-devel-linux-x86_64-debian-clang | 1.3.5 | 2.82 | 33.08 | 35.90 | OK | |
r-devel-linux-x86_64-debian-gcc | 1.3.5 | 1.96 | 25.90 | 27.86 | OK | |
r-devel-linux-x86_64-fedora-clang | 1.3.5 | 58.29 | OK | |||
r-devel-linux-x86_64-fedora-gcc | 1.3.5 | 57.69 | OK | |||
r-devel-windows-x86_64 | 1.3.5 | 5.00 | 56.00 | 61.00 | OK | |
r-patched-linux-x86_64 | 1.3.5 | 2.62 | 32.76 | 35.38 | NOTE | |
r-release-linux-x86_64 | 1.3.5 | 2.70 | 32.90 | 35.60 | NOTE | |
r-release-macos-arm64 | 1.3.5 | 23.00 | NOTE | |||
r-release-macos-x86_64 | 1.3.5 | 33.00 | NOTE | |||
r-release-windows-x86_64 | 1.3.5 | 4.00 | 57.00 | 61.00 | NOTE | |
r-oldrel-macos-arm64 | 1.3.5 | 24.00 | NOTE | |||
r-oldrel-macos-x86_64 | 1.3.5 | 36.00 | NOTE | |||
r-oldrel-windows-x86_64 | 1.3.5 | 6.00 | 63.00 | 69.00 | NOTE |
Version: 1.3.5
Check: LazyData
Result: NOTE
'LazyData' is specified without a 'data' directory
Flavors: r-patched-linux-x86_64, r-release-linux-x86_64, r-release-macos-arm64, r-release-macos-x86_64, r-release-windows-x86_64, r-oldrel-macos-arm64, r-oldrel-macos-x86_64, r-oldrel-windows-x86_64