CRAN Package Check Results for Package jmastats

Last updated on 2024-05-22 19:53:05 CEST.

Flavor Version Tinstall Tcheck Ttotal Status Flags
r-devel-linux-x86_64-debian-clang 0.2.1 13.70 97.76 111.46 OK
r-devel-linux-x86_64-debian-gcc 0.2.1 9.04 74.06 83.10 OK
r-devel-linux-x86_64-fedora-clang 0.2.1 135.81 NOTE
r-devel-linux-x86_64-fedora-gcc 0.2.1 129.87 NOTE
r-devel-windows-x86_64 0.2.1 12.00 90.00 102.00 OK
r-patched-linux-x86_64 0.2.1 9.22 94.37 103.59 OK
r-release-linux-x86_64 0.2.1 9.10 95.57 104.67 OK
r-release-macos-arm64 0.2.1 41.00 OK
r-release-macos-x86_64 0.2.1 104.00 OK
r-release-windows-x86_64 0.2.1 14.00 88.00 102.00 OK
r-oldrel-macos-arm64 0.2.1 48.00 OK
r-oldrel-macos-x86_64 0.2.1 92.00 OK
r-oldrel-windows-x86_64 0.2.1 15.00 105.00 120.00 OK

Check Details

Version: 0.2.1
Check: data for non-ASCII characters
Result: NOTE Note: found 16777 marked UTF-8 strings Flavors: r-devel-linux-x86_64-fedora-clang, r-devel-linux-x86_64-fedora-gcc