CRAN Package Check Results for Package ixplorer

Last updated on 2024-06-12 19:54:24 CEST.

Flavor Version Tinstall Tcheck Ttotal Status Flags
r-devel-linux-x86_64-debian-clang 0.2.2 10.82 81.98 92.80 OK
r-devel-linux-x86_64-debian-gcc 0.2.2 0.57 1.75 2.32 ERROR
r-devel-linux-x86_64-fedora-clang 0.2.2 116.31 OK
r-devel-linux-x86_64-fedora-gcc 0.2.2 123.55 OK
r-devel-windows-x86_64 0.2.2 10.00 86.00 96.00 OK
r-patched-linux-x86_64 0.2.2 6.34 77.43 83.77 OK
r-release-linux-x86_64 0.2.2 5.98 76.98 82.96 OK
r-release-macos-arm64 0.2.2 50.00 OK
r-release-macos-x86_64 0.2.2 66.00 OK
r-release-windows-x86_64 0.2.2 9.00 91.00 100.00 OK
r-oldrel-macos-arm64 0.2.2 50.00 OK
r-oldrel-macos-x86_64 0.2.2 82.00 OK
r-oldrel-windows-x86_64 0.2.2 11.00 99.00 110.00 OK

Check Details

Version: 0.2.2
Check: package dependencies
Result: ERROR Packages required but not available: 'dplyr', 'gitear', 'kableExtra', 'lubridate', 'shiny.i18n', 'stringr', 'purrr' Packages suggested but not available for checking: 'tibble', 'readr', 'testthat', 'tidyr' See section ‘The DESCRIPTION file’ in the ‘Writing R Extensions’ manual. Flavor: r-devel-linux-x86_64-debian-gcc