CRAN Package Check Results for Package irtGUI

Last updated on 2025-01-24 21:48:27 CET.

Flavor Version Tinstall Tcheck Ttotal Status Flags
r-devel-linux-x86_64-debian-clang 0.2 13.83 92.48 106.31 OK
r-devel-linux-x86_64-debian-gcc 0.2 9.35 66.50 75.85 OK
r-devel-linux-x86_64-fedora-clang 0.2 166.42 OK
r-devel-linux-x86_64-fedora-gcc 0.2 153.91 OK
r-devel-windows-x86_64 0.2 15.00 96.00 111.00 OK
r-patched-linux-x86_64 0.2 11.01 86.63 97.64 NOTE
r-release-linux-x86_64 0.2 11.57 86.07 97.64 NOTE
r-release-macos-arm64 0.2 39.00 NOTE
r-release-macos-x86_64 0.2 61.00 NOTE
r-release-windows-x86_64 0.2 13.00 95.00 108.00 NOTE
r-oldrel-macos-arm64 0.2 43.00 NOTE
r-oldrel-macos-x86_64 0.2 71.00 NOTE
r-oldrel-windows-x86_64 0.2 19.00 119.00 138.00 NOTE

Check Details

Version: 0.2
Check: LazyData
Result: NOTE 'LazyData' is specified without a 'data' directory Flavors: r-patched-linux-x86_64, r-release-linux-x86_64, r-release-macos-arm64, r-release-macos-x86_64, r-release-windows-x86_64, r-oldrel-macos-arm64, r-oldrel-macos-x86_64, r-oldrel-windows-x86_64