CRAN Package Check Results for Package ionr

Last updated on 2024-06-17 19:51:32 CEST.

Flavor Version Tinstall Tcheck Ttotal Status Flags
r-devel-linux-x86_64-debian-clang 0.3.0 2.02 39.00 41.02 NOTE
r-devel-linux-x86_64-debian-gcc 0.3.0 2.23 29.43 31.66 NOTE
r-devel-linux-x86_64-fedora-clang 0.3.0 52.71 NOTE
r-devel-linux-x86_64-fedora-gcc 0.3.0 48.44 NOTE
r-devel-windows-x86_64 0.3.0 3.00 51.00 54.00 NOTE
r-patched-linux-x86_64 0.3.0 3.35 37.66 41.01 NOTE
r-release-linux-x86_64 0.3.0 3.22 38.50 41.72 NOTE
r-release-macos-arm64 0.3.0 20.00 NOTE
r-release-macos-x86_64 0.3.0 30.00 NOTE
r-release-windows-x86_64 0.3.0 3.00 53.00 56.00 NOTE
r-oldrel-macos-arm64 0.3.0 19.00 NOTE
r-oldrel-macos-x86_64 0.3.0 30.00 NOTE
r-oldrel-windows-x86_64 0.3.0 4.00 56.00 60.00 NOTE

Check Details

Version: 0.3.0
Check: LazyData
Result: NOTE 'LazyData' is specified without a 'data' directory Flavors: r-devel-linux-x86_64-debian-clang, r-devel-linux-x86_64-debian-gcc, r-devel-linux-x86_64-fedora-clang, r-devel-linux-x86_64-fedora-gcc, r-devel-windows-x86_64, r-patched-linux-x86_64, r-release-linux-x86_64, r-release-macos-arm64, r-release-macos-x86_64, r-release-windows-x86_64, r-oldrel-macos-arm64, r-oldrel-macos-x86_64, r-oldrel-windows-x86_64