CRAN Package Check Results for Package invertiforms

Last updated on 2024-07-12 20:48:20 CEST.

Flavor Version Tinstall Tcheck Ttotal Status Flags
r-devel-linux-x86_64-debian-clang 0.1.1 8.75 78.44 87.19 OK
r-devel-linux-x86_64-debian-gcc 0.1.1 7.01 57.37 64.38 OK
r-devel-linux-x86_64-fedora-clang 0.1.1 106.15 OK
r-devel-linux-x86_64-fedora-gcc 0.1.1 98.19 OK
r-devel-windows-x86_64 0.1.1 8.00 72.00 80.00 NOTE
r-patched-linux-x86_64 0.1.1 8.75 73.15 81.90 OK
r-release-linux-x86_64 0.1.1 8.38 73.05 81.43 OK
r-release-macos-arm64 0.1.1 30.00 OK
r-release-macos-x86_64 0.1.1 46.00 OK
r-release-windows-x86_64 0.1.1 7.00 74.00 81.00 OK
r-oldrel-macos-arm64 0.1.1 34.00 OK
r-oldrel-macos-x86_64 0.1.1 57.00 OK
r-oldrel-windows-x86_64 0.1.1 9.00 88.00 97.00 OK

Check Details

Version: 0.1.1
Check: Rd cross-references
Result: NOTE Found the following Rd file(s) with Rd \link{} targets missing package anchors: NormalizedLaplacian.Rd: Matrix-class PerturbedLaplacian.Rd: Matrix-class RegularizedLaplacian.Rd: Matrix-class Please provide package anchors for all Rd \link{} targets not in the package itself and the base packages. Flavor: r-devel-windows-x86_64