CRAN Package Check Results for Package interplex

Last updated on 2024-06-18 07:57:29 CEST.

Flavor Version Tinstall Tcheck Ttotal Status Flags
r-devel-linux-x86_64-debian-clang 0.1.2 2.18 30.74 32.92 OK
r-devel-linux-x86_64-debian-gcc 0.1.2 2.11 22.79 24.90 OK
r-devel-linux-x86_64-fedora-clang 0.1.2 41.49 NOTE
r-devel-linux-x86_64-fedora-gcc 0.1.2 39.30 OK
r-devel-windows-x86_64 0.1.2 4.00 45.00 49.00 OK
r-patched-linux-x86_64 0.1.2 2.39 28.71 31.10 OK
r-release-linux-x86_64 0.1.2 1.64 29.08 30.72 OK
r-release-macos-arm64 0.1.2 16.00 OK
r-release-macos-x86_64 0.1.2 25.00 OK
r-release-windows-x86_64 0.1.2 3.00 55.00 58.00 OK
r-oldrel-macos-arm64 0.1.2 22.00 OK
r-oldrel-macos-x86_64 0.1.2 33.00 OK
r-oldrel-windows-x86_64 0.1.2 4.00 49.00 53.00 OK

Additional issues

noSuggests

Check Details

Version: 0.1.2
Check: Rd cross-references
Result: NOTE Undeclared package ‘Rcpp’ in Rd xrefs Flavor: r-devel-linux-x86_64-fedora-clang