CRAN Package Check Results for Package imageData

Last updated on 2024-07-20 08:49:43 CEST.

Flavor Version Tinstall Tcheck Ttotal Status Flags
r-devel-linux-x86_64-debian-clang 0.1-62 11.97 120.28 132.25 NOTE
r-devel-linux-x86_64-debian-gcc 0.1-62 9.88 89.12 99.00 NOTE
r-devel-linux-x86_64-fedora-clang 0.1-62 175.75 NOTE
r-devel-linux-x86_64-fedora-gcc 0.1-62 168.65 NOTE
r-devel-windows-x86_64 0.1-62 14.00 113.00 127.00 NOTE
r-patched-linux-x86_64 0.1-62 23.52 112.29 135.81 NOTE
r-release-linux-x86_64 0.1-62 11.49 112.86 124.35 NOTE
r-release-macos-arm64 0.1-62 53.00 NOTE
r-release-macos-x86_64 0.1-62 75.00 NOTE
r-release-windows-x86_64 0.1-62 14.00 116.00 130.00 NOTE
r-oldrel-macos-arm64 0.1-62 55.00 OK
r-oldrel-macos-x86_64 0.1-62 89.00 OK
r-oldrel-windows-x86_64 0.1-62 17.00 129.00 146.00 OK

Check Details

Version: 0.1-62
Check: Rd files
Result: NOTE checkRd: (-1) fitSpline.Rd:109: Lost braces 109 | \code{response} and it will have the same order of code{x} as \code{data}. | ^ Flavors: r-devel-linux-x86_64-debian-clang, r-devel-linux-x86_64-debian-gcc, r-devel-linux-x86_64-fedora-clang, r-devel-linux-x86_64-fedora-gcc, r-devel-windows-x86_64, r-patched-linux-x86_64, r-release-linux-x86_64, r-release-macos-arm64, r-release-macos-x86_64, r-release-windows-x86_64

Version: 0.1-62
Check: Rd cross-references
Result: NOTE Found the following Rd file(s) with Rd \link{} targets missing package anchors: anomPlot.Rd: ggplot corrPlot.Rd: ggplot imagetimesPlot.Rd: ggplot longiPlot.Rd: ggplot, labeller probeDF.Rd: ggplot Please provide package anchors for all Rd \link{} targets not in the package itself and the base packages. Flavor: r-devel-windows-x86_64