CRAN Package Check Results for Package imabc

Last updated on 2024-04-22 08:51:28 CEST.

Flavor Version Tinstall Tcheck Ttotal Status Flags
r-devel-linux-x86_64-debian-clang 1.0.0 8.08 47.95 56.03 NOTE
r-devel-linux-x86_64-debian-gcc 1.0.0 5.61 35.58 41.19 NOTE
r-devel-linux-x86_64-fedora-clang 1.0.0 69.66 NOTE
r-devel-linux-x86_64-fedora-gcc 1.0.0 65.10 NOTE
r-prerel-macos-arm64 1.0.0 23.00 NOTE
r-prerel-windows-x86_64 1.0.0 7.00 59.00 66.00 NOTE
r-patched-linux-x86_64 1.0.0 5.95 46.88 52.83 NOTE
r-release-linux-x86_64 1.0.0 5.46 47.43 52.89 OK
r-release-macos-arm64 1.0.0 24.00 OK
r-release-macos-x86_64 1.0.0 34.00 OK
r-release-windows-x86_64 1.0.0 8.00 61.00 69.00 OK
r-oldrel-macos-arm64 1.0.0 23.00 OK
r-oldrel-windows-x86_64 1.0.0 9.00 69.00 78.00 OK

Check Details

Version: 1.0.0
Check: Rd files
Result: NOTE checkRd: (-1) define_target_function.Rd:41: Lost braces; missing escapes or markup? 41 | be done either as a single vector of values (e.g. `function(x) { ... }`), or individual inputs for each parameter | ^ checkRd: (-1) define_target_function.Rd:42: Lost braces; missing escapes or markup? 42 | (e.g. `function(x1, x2) { ... }`). If a single vector is used, all parameters will be passed to the target function as | ^ Flavors: r-devel-linux-x86_64-debian-clang, r-devel-linux-x86_64-debian-gcc, r-devel-linux-x86_64-fedora-clang, r-devel-linux-x86_64-fedora-gcc, r-prerel-macos-arm64, r-prerel-windows-x86_64, r-patched-linux-x86_64