CRAN Package Check Results for Package iemisctext

Last updated on 2024-07-23 20:49:11 CEST.

Flavor Version Tinstall Tcheck Ttotal Status Flags
r-devel-linux-x86_64-debian-clang 1.0.1 1.96 100.38 102.34 OK
r-devel-linux-x86_64-debian-gcc 1.0.1 1.69 78.22 79.91 OK
r-devel-linux-x86_64-fedora-clang 1.0.1 133.34 NOTE
r-devel-linux-x86_64-fedora-gcc 1.0.1 134.01 NOTE
r-devel-windows-x86_64 1.0.1 3.00 151.00 154.00 OK
r-patched-linux-x86_64 1.0.1 2.07 98.86 100.93 OK
r-release-linux-x86_64 1.0.1 1.76 95.20 96.96 OK
r-release-macos-arm64 1.0.1 52.00 OK
r-release-macos-x86_64 1.0.1 116.00 OK
r-release-windows-x86_64 1.0.1 4.00 148.00 152.00 OK
r-oldrel-macos-arm64 1.0.1 53.00 OK
r-oldrel-macos-x86_64 1.0.1 126.00 OK
r-oldrel-windows-x86_64 1.0.1 4.00 153.00 157.00 OK

Check Details

Version: 1.0.1
Check: data for non-ASCII characters
Result: NOTE Note: found 41 marked UTF-8 strings Flavors: r-devel-linux-x86_64-fedora-clang, r-devel-linux-x86_64-fedora-gcc