CRAN Package Check Results for Package iIneq

Last updated on 2024-04-22 19:56:15 CEST.

Flavor Version Tinstall Tcheck Ttotal Status Flags
r-devel-linux-x86_64-debian-clang 1.0.2 1.49 21.88 23.37 NOTE
r-devel-linux-x86_64-debian-gcc 1.0.2 1.88 17.76 19.64 NOTE
r-devel-linux-x86_64-fedora-clang 1.0.2 31.62 NOTE
r-devel-linux-x86_64-fedora-gcc 1.0.2 30.54 NOTE
r-prerel-macos-arm64 1.0.2 16.00 NOTE
r-prerel-windows-x86_64 1.0.2 3.00 47.00 50.00 NOTE
r-patched-linux-x86_64 1.0.2 2.36 21.98 24.34 NOTE
r-release-linux-x86_64 1.0.2 1.51 20.85 22.36 NOTE
r-release-macos-arm64 1.0.2 18.00 NOTE
r-release-macos-x86_64 1.0.2 20.00 NOTE
r-release-windows-x86_64 1.0.2 4.00 40.00 44.00 NOTE
r-oldrel-macos-arm64 1.0.2 17.00 NOTE
r-oldrel-windows-x86_64 1.0.2 4.00 47.00 51.00 NOTE

Check Details

Version: 1.0.2
Check: LazyData
Result: NOTE 'LazyData' is specified without a 'data' directory Flavors: r-devel-linux-x86_64-debian-clang, r-devel-linux-x86_64-debian-gcc, r-devel-linux-x86_64-fedora-clang, r-devel-linux-x86_64-fedora-gcc, r-prerel-macos-arm64, r-prerel-windows-x86_64, r-patched-linux-x86_64, r-release-linux-x86_64, r-release-macos-arm64, r-release-macos-x86_64, r-release-windows-x86_64, r-oldrel-macos-arm64, r-oldrel-windows-x86_64