CRAN Package Check Results for Package httk

Last updated on 2024-06-12 19:54:22 CEST.

Flavor Version Tinstall Tcheck Ttotal Status Flags
r-devel-linux-x86_64-debian-clang 2.3.1 34.42 643.53 677.95 OK
r-devel-linux-x86_64-debian-gcc 2.3.1 1.21 2.17 3.38 ERROR
r-devel-linux-x86_64-fedora-clang 2.3.1 950.35 NOTE
r-devel-linux-x86_64-fedora-gcc 2.3.1 930.15 OK
r-devel-windows-x86_64 2.3.1 35.00 618.00 653.00 NOTE
r-patched-linux-x86_64 2.3.1 43.58 587.24 630.82 OK
r-release-linux-x86_64 2.3.1 35.03 594.16 629.19 OK
r-release-macos-arm64 2.3.1 264.00 NOTE
r-release-macos-x86_64 2.3.1 459.00 NOTE
r-release-windows-x86_64 2.3.1 38.00 615.00 653.00 NOTE
r-oldrel-macos-arm64 2.3.1 256.00 NOTE
r-oldrel-macos-x86_64 2.3.1 722.00 NOTE
r-oldrel-windows-x86_64 2.3.1 44.00 765.00 809.00 NOTE

Check Details

Version: 2.3.1
Check: package dependencies
Result: ERROR Packages required but not available: 'purrr', 'ggplot2' Packages suggested but not available for checking: 'EnvStats', 'stringr', 'viridis', 'cowplot', 'ggrepel', 'dplyr', 'forcats', 'readxl' See section ‘The DESCRIPTION file’ in the ‘Writing R Extensions’ manual. Flavor: r-devel-linux-x86_64-debian-gcc

Version: 2.3.1
Check: installed package size
Result: NOTE installed size is 6.2Mb sub-directories of 1Mb or more: data 1.8Mb doc 2.3Mb help 1.1Mb Flavors: r-devel-linux-x86_64-fedora-clang, r-devel-windows-x86_64, r-release-macos-arm64, r-release-macos-x86_64, r-release-windows-x86_64, r-oldrel-macos-arm64, r-oldrel-macos-x86_64, r-oldrel-windows-x86_64