CRAN Package Check Results for Package hms

Last updated on 2024-06-12 19:54:22 CEST.

Flavor Version Tinstall Tcheck Ttotal Status Flags
r-devel-linux-x86_64-debian-clang 1.1.3 4.17 39.06 43.23 OK
r-devel-linux-x86_64-debian-gcc 1.1.3 0.39 1.72 2.11 ERROR
r-devel-linux-x86_64-fedora-clang 1.1.3 53.75 OK
r-devel-linux-x86_64-fedora-gcc 1.1.3 50.37 OK
r-devel-windows-x86_64 1.1.3 4.00 51.00 55.00 OK
r-patched-linux-x86_64 1.1.3 6.43 38.47 44.90 OK
r-release-linux-x86_64 1.1.3 2.86 38.72 41.58 OK
r-release-macos-arm64 1.1.3 21.00 OK
r-release-macos-x86_64 1.1.3 31.00 OK
r-release-windows-x86_64 1.1.3 4.00 49.00 53.00 OK
r-oldrel-macos-arm64 1.1.3 22.00 OK
r-oldrel-macos-x86_64 1.1.3 26.00 OK
r-oldrel-windows-x86_64 1.1.3 5.00 56.00 61.00 OK

Check Details

Version: 1.1.3
Check: package dependencies
Result: ERROR Package required but not available: ‘vctrs’ Packages suggested but not available for checking: 'lubridate', 'pillar', 'testthat' See section ‘The DESCRIPTION file’ in the ‘Writing R Extensions’ manual. Flavor: r-devel-linux-x86_64-debian-gcc