CRAN Package Check Results for Package highfrequency

Last updated on 2024-06-14 20:03:22 CEST.

Flavor Version Tinstall Tcheck Ttotal Status Flags
r-devel-linux-x86_64-debian-clang 1.0.1 136.60 136.16 272.76 NOTE
r-devel-linux-x86_64-debian-gcc 1.0.1 93.88 106.04 199.92 NOTE
r-devel-linux-x86_64-fedora-clang 1.0.1 393.43 NOTE
r-devel-linux-x86_64-fedora-gcc 1.0.1 373.94 NOTE
r-devel-windows-x86_64 1.0.1 104.00 150.00 254.00 NOTE
r-patched-linux-x86_64 1.0.1 111.56 138.30 249.86 NOTE
r-release-linux-x86_64 1.0.1 111.75 141.62 253.37 NOTE
r-release-macos-arm64 1.0.1 69.00 NOTE
r-release-macos-x86_64 1.0.1 99.00 NOTE
r-release-windows-x86_64 1.0.1 106.00 150.00 256.00 NOTE
r-oldrel-macos-arm64 1.0.1 77.00 NOTE
r-oldrel-macos-x86_64 1.0.1 151.00 NOTE
r-oldrel-windows-x86_64 1.0.1 130.00 180.00 310.00 OK

Check Details

Version: 1.0.1
Check: Rd files
Result: NOTE checkRd: (-1) MDtest.Rd:10-24: Lost braces 10 | DMtest <- function(x, y, alpha = 0.005) { | ^ checkRd: (-1) MDtest.Rd:34-48: Lost braces 34 | DMtest <- function(x, y, alpha = 0.005) { | ^ checkRd: (-1) RBPCov_bi.Rd:7-11: Lost braces 7 | rdatacheck <- function (rData, multi = FALSE) { | ^ checkRd: (-1) RBPCov_bi.Rd:8-10: Lost braces 8 | if ((dim(rData)[2] < 2) & (multi)) { | ^ checkRd: (-1) RBPCov_bi.Rd:18-22: Lost braces 18 | rdatacheck <- function (rData, multi = FALSE) { | ^ checkRd: (-1) RBPCov_bi.Rd:19-21: Lost braces 19 | if ((dim(rData)[2] < 2) & (multi)) { | ^ checkRd: (-1) cholCovrMRCov.Rd:6-22: Lost braces 6 | zgamma <- function (x, y, gamma_power) { | ^ checkRd: (-1) cholCovrMRCov.Rd:7-9: Lost braces 7 | if (x^2 < y) { | ^ checkRd: (-1) cholCovrMRCov.Rd:9-19: Lost braces 9 | } else { | ^ checkRd: (-1) cholCovrMRCov.Rd:10-12: Lost braces 10 | if (gamma_power == 1) { | ^ checkRd: (-1) cholCovrMRCov.Rd:13-15: Lost braces 13 | if (gamma_power == 2) { | ^ checkRd: (-1) cholCovrMRCov.Rd:16-18: Lost braces 16 | if (gamma_power == 4/3) { | ^ checkRd: (-1) cholCovrMRCov.Rd:28-44: Lost braces 28 | zgamma <- function (x, y, gamma_power) { | ^ checkRd: (-1) cholCovrMRCov.Rd:29-31: Lost braces 29 | if (x^2 < y) { | ^ checkRd: (-1) cholCovrMRCov.Rd:31-41: Lost braces 31 | } else { | ^ checkRd: (-1) cholCovrMRCov.Rd:32-34: Lost braces 32 | if (gamma_power == 1) { | ^ checkRd: (-1) cholCovrMRCov.Rd:35-37: Lost braces 35 | if (gamma_power == 2) { | ^ checkRd: (-1) cholCovrMRCov.Rd:38-40: Lost braces 38 | if (gamma_power == 4/3) { | ^ checkRd: (-1) getLiquidityMeasures.Rd:31-38: Lost braces in \itemize; meant \describe ? checkRd: (-1) getLiquidityMeasures.Rd:39-47: Lost braces in \itemize; meant \describe ? checkRd: (-1) getLiquidityMeasures.Rd:49-53: Lost braces in \itemize; meant \describe ? checkRd: (-1) getLiquidityMeasures.Rd:55-60: Lost braces in \itemize; meant \describe ? checkRd: (-1) getLiquidityMeasures.Rd:62-69: Lost braces in \itemize; meant \describe ? checkRd: (-1) getLiquidityMeasures.Rd:71-78: Lost braces in \itemize; meant \describe ? checkRd: (-1) getLiquidityMeasures.Rd:80-88: Lost braces in \itemize; meant \describe ? checkRd: (-1) getLiquidityMeasures.Rd:90-98: Lost braces in \itemize; meant \describe ? checkRd: (-1) getLiquidityMeasures.Rd:100-105: Lost braces in \itemize; meant \describe ? checkRd: (-1) getLiquidityMeasures.Rd:107-115: Lost braces in \itemize; meant \describe ? checkRd: (-1) getLiquidityMeasures.Rd:117-124: Lost braces in \itemize; meant \describe ? checkRd: (-1) getLiquidityMeasures.Rd:126-132: Lost braces in \itemize; meant \describe ? checkRd: (-1) getLiquidityMeasures.Rd:134-138: Lost braces in \itemize; meant \describe ? checkRd: (-1) getLiquidityMeasures.Rd:140-144: Lost braces in \itemize; meant \describe ? checkRd: (-1) getLiquidityMeasures.Rd:146-153: Lost braces in \itemize; meant \describe ? checkRd: (-1) getLiquidityMeasures.Rd:155-163: Lost braces in \itemize; meant \describe ? checkRd: (-1) getLiquidityMeasures.Rd:165-175: Lost braces in \itemize; meant \describe ? checkRd: (-1) getLiquidityMeasures.Rd:177-186: Lost braces in \itemize; meant \describe ? checkRd: (-1) getLiquidityMeasures.Rd:188-193: Lost braces in \itemize; meant \describe ? checkRd: (-1) getLiquidityMeasures.Rd:195-199: Lost braces in \itemize; meant \describe ? checkRd: (-1) getLiquidityMeasures.Rd:201-207: Lost braces in \itemize; meant \describe ? checkRd: (-1) getLiquidityMeasures.Rd:209-215: Lost braces in \itemize; meant \describe ? checkRd: (-1) getLiquidityMeasures.Rd:217-222: Lost braces in \itemize; meant \describe ? checkRd: (-1) plot.DBH.Rd:20-21: Lost braces in \itemize; meant \describe ? checkRd: (-1) plot.DBH.Rd:22-24: Lost braces in \itemize; meant \describe ? checkRd: (-1) plot.HARmodel.Rd:20: Lost braces in \itemize; meant \describe ? checkRd: (-1) plot.HEAVYmodel.Rd:20: Lost braces in \itemize; meant \describe ? checkRd: (-1) plot.HEAVYmodel.Rd:21-22: Lost braces in \itemize; meant \describe ? checkRd: (-1) predict.HARmodel.Rd:20: Lost braces in \itemize; meant \describe ? checkRd: (-1) predict.HARmodel.Rd:21: Lost braces in \itemize; meant \describe ? checkRd: (-1) predict.HARmodel.Rd:22-24: Lost braces in \itemize; meant \describe ? checkRd: (-1) print.DBH.Rd:20: Lost braces in \itemize; meant \describe ? checkRd: (-1) print.DBH.Rd:21-22: Lost braces in \itemize; meant \describe ? checkRd: (-1) spotDrift.Rd:68: Lost braces in \itemize; meant \describe ? checkRd: (-1) spotDrift.Rd:69-70: Lost braces in \itemize; meant \describe ? checkRd: (-1) spotDrift.Rd:86: Lost braces in \itemize; meant \describe ? checkRd: (-1) spotDrift.Rd:87-88: Lost braces in \itemize; meant \describe ? checkRd: (-1) spotDrift.Rd:118: Lost braces in \itemize; meant \describe ? checkRd: (-1) spotDrift.Rd:119: Lost braces in \itemize; meant \describe ? checkRd: (-1) spotVol.Rd:259-260: Lost braces in \itemize; meant \describe ? checkRd: (-1) spotVol.Rd:261-264: Lost braces in \itemize; meant \describe ? checkRd: (-1) spotVol.Rd:265-271: Lost braces in \itemize; meant \describe ? checkRd: (-1) spotVol.Rd:272-273: Lost braces in \itemize; meant \describe ? checkRd: (-1) spotVol.Rd:274-275: Lost braces in \itemize; meant \describe ? Flavors: r-devel-linux-x86_64-debian-clang, r-devel-linux-x86_64-debian-gcc, r-devel-linux-x86_64-fedora-clang, r-devel-linux-x86_64-fedora-gcc, r-devel-windows-x86_64, r-patched-linux-x86_64, r-release-linux-x86_64, r-release-macos-arm64, r-release-macos-x86_64, r-release-windows-x86_64

Version: 1.0.1
Check: installed package size
Result: NOTE installed size is 6.9Mb sub-directories of 1Mb or more: data 2.0Mb libs 3.8Mb Flavors: r-release-macos-arm64, r-release-macos-x86_64, r-oldrel-macos-arm64, r-oldrel-macos-x86_64