CRAN Package Check Results for Package hellno

Last updated on 2024-05-24 19:56:33 CEST.

Flavor Version Tinstall Tcheck Ttotal Status Flags
r-devel-linux-x86_64-debian-clang 0.0.1 2.01 20.40 22.41 NOTE
r-devel-linux-x86_64-debian-gcc 0.0.1 1.56 16.38 17.94 NOTE
r-devel-linux-x86_64-fedora-clang 0.0.1 29.36 NOTE
r-devel-linux-x86_64-fedora-gcc 0.0.1 27.47 NOTE
r-devel-windows-x86_64 0.0.1 2.00 39.00 41.00 NOTE
r-patched-linux-x86_64 0.0.1 1.30 20.01 21.31 NOTE
r-release-linux-x86_64 0.0.1 1.25 19.75 21.00 NOTE
r-release-macos-arm64 0.0.1 14.00 NOTE
r-release-windows-x86_64 0.0.1 2.00 39.00 41.00 NOTE
r-oldrel-macos-arm64 0.0.1 16.00 NOTE
r-oldrel-macos-x86_64 0.0.1 19.00 NOTE
r-oldrel-windows-x86_64 0.0.1 2.00 39.00 41.00 NOTE

Check Details

Version: 0.0.1
Check: LazyData
Result: NOTE 'LazyData' is specified without a 'data' directory Flavors: r-devel-linux-x86_64-debian-clang, r-devel-linux-x86_64-debian-gcc, r-devel-linux-x86_64-fedora-clang, r-devel-linux-x86_64-fedora-gcc, r-devel-windows-x86_64, r-patched-linux-x86_64, r-release-linux-x86_64, r-release-macos-arm64, r-release-windows-x86_64, r-oldrel-macos-arm64, r-oldrel-macos-x86_64, r-oldrel-windows-x86_64