CRAN Package Check Results for Package hbal

Last updated on 2024-06-22 04:49:00 CEST.

Flavor Version Tinstall Tcheck Ttotal Status Flags
r-devel-linux-x86_64-debian-clang 1.2.12 44.60 110.12 154.72 OK
r-devel-linux-x86_64-debian-gcc 1.2.12 35.45 85.14 120.59 OK
r-devel-linux-x86_64-fedora-clang 1.2.12 216.26 OK
r-devel-linux-x86_64-fedora-gcc 1.2.12 219.43 OK
r-devel-windows-x86_64 1.2.12 38.00 111.00 149.00 OK
r-patched-linux-x86_64 1.2.12 37.89 108.46 146.35 OK
r-release-linux-x86_64 1.2.12 33.11 109.56 142.67 OK
r-release-macos-arm64 1.2.12 59.00 NOTE
r-release-macos-x86_64 1.2.12 88.00 NOTE
r-release-windows-x86_64 1.2.12 38.00 115.00 153.00 OK
r-oldrel-macos-arm64 1.2.12 60.00 NOTE
r-oldrel-macos-x86_64 1.2.12 126.00 NOTE
r-oldrel-windows-x86_64 1.2.12 51.00 138.00 189.00 OK

Check Details

Version: 1.2.12
Check: installed package size
Result: NOTE installed size is 9.5Mb sub-directories of 1Mb or more: libs 9.2Mb Flavors: r-release-macos-arm64, r-release-macos-x86_64, r-oldrel-macos-arm64, r-oldrel-macos-x86_64