CRAN Package Check Results for Package guildai

Last updated on 2024-06-13 07:50:31 CEST.

Flavor Version Tinstall Tcheck Ttotal Status Flags
r-devel-linux-x86_64-debian-clang 0.0.1 7.95 52.18 60.13 NOTE
r-devel-linux-x86_64-debian-gcc 0.0.1 0.59 1.68 2.27 ERROR
r-devel-linux-x86_64-fedora-clang 0.0.1 73.99 NOTE
r-devel-linux-x86_64-fedora-gcc 0.0.1 67.92 NOTE
r-devel-windows-x86_64 0.0.1 6.00 60.00 66.00 NOTE
r-patched-linux-x86_64 0.0.1 8.78 48.85 57.63 NOTE
r-release-linux-x86_64 0.0.1 4.07 50.23 54.30 NOTE
r-release-macos-arm64 0.0.1 25.00 NOTE
r-release-macos-x86_64 0.0.1 42.00 NOTE
r-release-windows-x86_64 0.0.1 7.00 60.00 67.00 NOTE
r-oldrel-macos-arm64 0.0.1 26.00 OK
r-oldrel-macos-x86_64 0.0.1 35.00 OK
r-oldrel-windows-x86_64 0.0.1 8.00 68.00 76.00 OK

Check Details

Version: 0.0.1
Check: Rd files
Result: NOTE checkRd: (-1) guild_merge.Rd:38: Lost braces; missing escapes or markup? 38 | \item{\code{summary_name}}{Name used for the run summary. Use '${run_id}' in the name to include the run ID.} | ^ checkRd: (-1) guild_merge_cli.Rd:88: Lost braces; missing escapes or markup? 88 | \item{summary_name}{Name used for the run summary. Use '${run_id}' in the name to include the run ID.} | ^ Flavors: r-devel-linux-x86_64-debian-clang, r-devel-linux-x86_64-fedora-clang, r-devel-linux-x86_64-fedora-gcc, r-devel-windows-x86_64, r-patched-linux-x86_64, r-release-linux-x86_64, r-release-macos-arm64, r-release-macos-x86_64, r-release-windows-x86_64

Version: 0.0.1
Check: package dependencies
Result: ERROR Packages required but not available: 'readr', 'dplyr', 'tibble' Package suggested but not available for checking: ‘testthat’ See section ‘The DESCRIPTION file’ in the ‘Writing R Extensions’ manual. Flavor: r-devel-linux-x86_64-debian-gcc