Last updated on 2023-01-31 17:54:08 CET.
Flavor | Version | Tinstall | Tcheck | Ttotal | Status | Flags |
---|---|---|---|---|---|---|
r-devel-linux-x86_64-debian-clang | 1.2.1 | 63.10 | 122.50 | 185.60 | NOTE | |
r-devel-linux-x86_64-debian-gcc | 1.2.1 | 54.42 | 90.46 | 144.88 | NOTE | |
r-devel-linux-x86_64-fedora-clang | 1.2.1 | 249.10 | NOTE | |||
r-devel-linux-x86_64-fedora-gcc | 1.2.1 | 256.95 | NOTE | |||
r-devel-windows-x86_64 | 1.2.1 | 64.00 | 161.00 | 225.00 | NOTE | |
r-patched-linux-x86_64 | 1.2.1 | 61.03 | 122.61 | 183.64 | OK | |
r-release-linux-x86_64 | 1.2.1 | 55.23 | 123.70 | 178.93 | OK | |
r-release-macos-arm64 | 1.2.1 | 61.00 | OK | |||
r-release-macos-x86_64 | 1.2.1 | 124.00 | OK | |||
r-release-windows-x86_64 | 1.2.1 | 52.00 | 177.00 | 229.00 | OK | |
r-oldrel-macos-arm64 | 1.2.1 | 67.00 | NOTE | |||
r-oldrel-macos-x86_64 | 1.2.1 | 81.00 | OK | |||
r-oldrel-windows-ix86+x86_64 | 1.2.1 | 138.00 | 191.00 | 329.00 | OK |
Version: 1.2.1
Check: C++ specification
Result: NOTE
Specified C++11: please update to current default of C++17
Flavors: r-devel-linux-x86_64-debian-clang, r-devel-linux-x86_64-debian-gcc, r-devel-linux-x86_64-fedora-clang, r-devel-linux-x86_64-fedora-gcc, r-devel-windows-x86_64
Version: 1.2.1
Check: installed package size
Result: NOTE
installed size is 5.5Mb
sub-directories of 1Mb or more:
libs 5.1Mb
Flavor: r-oldrel-macos-arm64