CRAN Package Check Results for Package groupWQS

Last updated on 2024-07-21 08:49:18 CEST.

Flavor Version Tinstall Tcheck Ttotal Status Flags
r-devel-linux-x86_64-debian-clang 0.0.3 2.54 117.44 119.98 OK
r-devel-linux-x86_64-debian-gcc 0.0.3 2.20 80.31 82.51 OK
r-devel-linux-x86_64-fedora-clang 0.0.3 143.53 NOTE
r-devel-linux-x86_64-fedora-gcc 0.0.3 154.59 NOTE
r-devel-windows-x86_64 0.0.3 4.00 107.00 111.00 OK
r-patched-linux-x86_64 0.0.3 3.16 111.29 114.45 OK
r-release-linux-x86_64 0.0.3 3.14 111.36 114.50 OK
r-release-macos-arm64 0.0.3 42.00 OK
r-release-macos-x86_64 0.0.3 75.00 OK
r-release-windows-x86_64 0.0.3 3.00 106.00 109.00 OK
r-oldrel-macos-arm64 0.0.3 46.00 OK
r-oldrel-macos-x86_64 0.0.3 78.00 OK
r-oldrel-windows-x86_64 0.0.3 4.00 122.00 126.00 OK

Check Details

Version: 0.0.3
Check: dependencies in R code
Result: NOTE Namespaces in Imports field not imported from: ‘MASS’ ‘rjags’ All declared Imports should be used. Flavors: r-devel-linux-x86_64-fedora-clang, r-devel-linux-x86_64-fedora-gcc