CRAN Package Check Results for Package graphhopper

Last updated on 2024-06-14 20:03:21 CEST.

Flavor Version Tinstall Tcheck Ttotal Status Flags
r-devel-linux-x86_64-debian-clang 0.1.2 2.65 27.86 30.51 NOTE
r-devel-linux-x86_64-debian-gcc 0.1.2 1.96 21.44 23.40 NOTE
r-devel-linux-x86_64-fedora-clang 0.1.2 38.76 NOTE
r-devel-linux-x86_64-fedora-gcc 0.1.2 48.46 NOTE
r-devel-windows-x86_64 0.1.2 4.00 49.00 53.00 NOTE
r-patched-linux-x86_64 0.1.2 2.46 26.96 29.42 NOTE
r-release-linux-x86_64 0.1.2 2.04 26.40 28.44 NOTE
r-release-macos-arm64 0.1.2 21.00 NOTE
r-release-macos-x86_64 0.1.2 31.00 NOTE
r-release-windows-x86_64 0.1.2 3.00 52.00 55.00 NOTE
r-oldrel-macos-arm64 0.1.2 24.00 NOTE
r-oldrel-macos-x86_64 0.1.2 33.00 NOTE
r-oldrel-windows-x86_64 0.1.2 4.00 50.00 54.00 NOTE

Check Details

Version: 0.1.2
Check: LazyData
Result: NOTE 'LazyData' is specified without a 'data' directory Flavors: r-devel-linux-x86_64-debian-clang, r-devel-linux-x86_64-debian-gcc, r-devel-linux-x86_64-fedora-clang, r-devel-linux-x86_64-fedora-gcc, r-devel-windows-x86_64, r-patched-linux-x86_64, r-release-linux-x86_64, r-release-macos-arm64, r-release-macos-x86_64, r-release-windows-x86_64, r-oldrel-macos-arm64, r-oldrel-macos-x86_64, r-oldrel-windows-x86_64