CRAN Package Check Results for Package grapherator

Last updated on 2024-05-22 07:58:39 CEST.

Flavor Version Tinstall Tcheck Ttotal Status Flags
r-devel-linux-x86_64-debian-clang 1.0.0 13.14 138.97 152.11 NOTE
r-devel-linux-x86_64-debian-gcc 1.0.0 9.83 101.93 111.76 NOTE
r-devel-linux-x86_64-fedora-clang 1.0.0 195.86 NOTE
r-devel-linux-x86_64-fedora-gcc 1.0.0 197.42 NOTE
r-devel-windows-x86_64 1.0.0 11.00 114.00 125.00 NOTE
r-patched-linux-x86_64 1.0.0 13.80 128.68 142.48 NOTE
r-release-linux-x86_64 1.0.0 11.36 130.09 141.45 NOTE
r-release-macos-arm64 1.0.0 58.00 NOTE
r-release-windows-x86_64 1.0.0 11.00 115.00 126.00 NOTE
r-oldrel-macos-arm64 1.0.0 67.00 NOTE
r-oldrel-macos-x86_64 1.0.0 98.00 NOTE
r-oldrel-windows-x86_64 1.0.0 16.00 142.00 158.00 NOTE

Check Details

Version: 1.0.0
Check: LazyData
Result: NOTE 'LazyData' is specified without a 'data' directory Flavors: r-devel-linux-x86_64-debian-clang, r-devel-linux-x86_64-debian-gcc, r-devel-linux-x86_64-fedora-clang, r-devel-linux-x86_64-fedora-gcc, r-devel-windows-x86_64, r-patched-linux-x86_64, r-release-linux-x86_64, r-release-macos-arm64, r-release-windows-x86_64, r-oldrel-macos-arm64, r-oldrel-macos-x86_64, r-oldrel-windows-x86_64

Version: 1.0.0
Check: dependencies in R code
Result: NOTE Namespace in Imports field not imported from: ‘reshape2’ All declared Imports should be used. Flavors: r-devel-linux-x86_64-fedora-clang, r-devel-linux-x86_64-fedora-gcc