CRAN Package Check Results for Package grabsampling

Last updated on 2024-05-18 07:49:04 CEST.

Flavor Version Tinstall Tcheck Ttotal Status Flags
r-devel-linux-x86_64-debian-clang 1.0.0 3.96 35.02 38.98 NOTE
r-devel-linux-x86_64-debian-gcc 1.0.0 2.63 26.97 29.60 NOTE
r-devel-linux-x86_64-fedora-clang 1.0.0 49.28 NOTE
r-devel-linux-x86_64-fedora-gcc 1.0.0 54.44 NOTE
r-devel-windows-x86_64 1.0.0 4.00 49.00 53.00 NOTE
r-patched-linux-x86_64 1.0.0 2.99 34.64 37.63 NOTE
r-release-linux-x86_64 1.0.0 3.63 33.81 37.44 NOTE
r-release-macos-arm64 1.0.0 19.00 NOTE
r-release-windows-x86_64 1.0.0 5.00 49.00 54.00 NOTE
r-oldrel-macos-arm64 1.0.0 21.00 NOTE
r-oldrel-macos-x86_64 1.0.0 28.00 NOTE
r-oldrel-windows-x86_64 1.0.0 5.00 52.00 57.00 NOTE

Check Details

Version: 1.0.0
Check: LazyData
Result: NOTE 'LazyData' is specified without a 'data' directory Flavors: r-devel-linux-x86_64-debian-clang, r-devel-linux-x86_64-debian-gcc, r-devel-linux-x86_64-fedora-clang, r-devel-linux-x86_64-fedora-gcc, r-devel-windows-x86_64, r-patched-linux-x86_64, r-release-linux-x86_64, r-release-macos-arm64, r-release-windows-x86_64, r-oldrel-macos-arm64, r-oldrel-macos-x86_64, r-oldrel-windows-x86_64