CRAN Package Check Results for Package gnlm

Last updated on 2024-06-24 07:53:33 CEST.

Flavor Version Tinstall Tcheck Ttotal Status Flags
r-devel-linux-x86_64-debian-clang 1.1.1 11.54 65.38 76.92 NOTE
r-devel-linux-x86_64-debian-gcc 1.1.1 10.33 47.53 57.86 NOTE
r-devel-linux-x86_64-fedora-clang 1.1.1 101.48 NOTE
r-devel-linux-x86_64-fedora-gcc 1.1.1 90.15 NOTE
r-devel-windows-x86_64 1.1.1 12.00 62.00 74.00 NOTE
r-patched-linux-x86_64 1.1.1 13.94 61.89 75.83 NOTE
r-release-linux-x86_64 1.1.1 13.37 60.68 74.05 NOTE
r-release-macos-arm64 1.1.1 26.00 NOTE
r-release-macos-x86_64 1.1.1 48.00 NOTE
r-release-windows-x86_64 1.1.1 13.00 61.00 74.00 NOTE
r-oldrel-macos-arm64 1.1.1 29.00 NOTE
r-oldrel-macos-x86_64 1.1.1 49.00 NOTE
r-oldrel-windows-x86_64 1.1.1 14.00 77.00 91.00 NOTE

Check Details

Version: 1.1.1
Check: package subdirectories
Result: NOTE Problems with news in ‘NEWS.md’: No news entries found. Flavors: r-devel-linux-x86_64-debian-clang, r-devel-linux-x86_64-debian-gcc, r-devel-linux-x86_64-fedora-clang, r-devel-linux-x86_64-fedora-gcc, r-devel-windows-x86_64, r-patched-linux-x86_64, r-release-linux-x86_64, r-release-macos-arm64, r-release-macos-x86_64, r-release-windows-x86_64, r-oldrel-macos-arm64, r-oldrel-macos-x86_64, r-oldrel-windows-x86_64

Version: 1.1.1
Check: LazyData
Result: NOTE 'LazyData' is specified without a 'data' directory Flavors: r-devel-linux-x86_64-debian-clang, r-devel-linux-x86_64-debian-gcc, r-devel-linux-x86_64-fedora-clang, r-devel-linux-x86_64-fedora-gcc, r-devel-windows-x86_64, r-patched-linux-x86_64, r-release-linux-x86_64, r-release-macos-arm64, r-release-macos-x86_64, r-release-windows-x86_64, r-oldrel-macos-arm64, r-oldrel-macos-x86_64, r-oldrel-windows-x86_64

Version: 1.1.1
Check: Rd cross-references
Result: NOTE Undeclared package ‘repeated’ in Rd xrefs Flavor: r-devel-linux-x86_64-fedora-clang

Version: 1.1.1
Check: Rd cross-references
Result: NOTE Package unavailable to check Rd xrefs: ‘repeated’ Flavor: r-oldrel-macos-x86_64