CRAN Package Check Results for Package gitlink

Last updated on 2024-05-27 19:53:58 CEST.

Flavor Version Tinstall Tcheck Ttotal Status Flags
r-devel-linux-x86_64-debian-clang 0.1.3 2.74 32.23 34.97 NOTE
r-devel-linux-x86_64-debian-gcc 0.1.3 2.09 24.39 26.48 NOTE
r-devel-linux-x86_64-fedora-clang 0.1.3 43.09 NOTE
r-devel-linux-x86_64-fedora-gcc 0.1.3 40.22 NOTE
r-devel-windows-x86_64 0.1.3 4.00 46.00 50.00 NOTE
r-patched-linux-x86_64 0.1.3 2.66 29.90 32.56 NOTE
r-release-linux-x86_64 0.1.3 2.61 30.29 32.90 NOTE
r-release-macos-arm64 0.1.3 19.00 NOTE
r-release-windows-x86_64 0.1.3 3.00 47.00 50.00 NOTE
r-oldrel-macos-arm64 0.1.3 19.00 NOTE
r-oldrel-macos-x86_64 0.1.3 25.00 NOTE
r-oldrel-windows-x86_64 0.1.3 4.00 49.00 53.00 NOTE

Check Details

Version: 0.1.3
Check: LazyData
Result: NOTE 'LazyData' is specified without a 'data' directory Flavors: r-devel-linux-x86_64-debian-clang, r-devel-linux-x86_64-debian-gcc, r-devel-linux-x86_64-fedora-clang, r-devel-linux-x86_64-fedora-gcc, r-devel-windows-x86_64, r-patched-linux-x86_64, r-release-linux-x86_64, r-release-macos-arm64, r-release-windows-x86_64, r-oldrel-macos-arm64, r-oldrel-macos-x86_64, r-oldrel-windows-x86_64