CRAN Package Check Results for Package gghilbertstrings

Last updated on 2024-05-29 07:58:03 CEST.

Flavor Version Tinstall Tcheck Ttotal Status Flags
r-devel-linux-x86_64-debian-clang 0.3.3 21.29 124.17 145.46 NOTE
r-devel-linux-x86_64-debian-gcc 0.3.3 12.52 91.08 103.60 NOTE
r-devel-linux-x86_64-fedora-clang 0.3.3 193.89 NOTE
r-devel-linux-x86_64-fedora-gcc 0.3.3 165.61 NOTE
r-devel-windows-x86_64 0.3.3 19.00 109.00 128.00 NOTE
r-patched-linux-x86_64 0.3.3 15.33 119.29 134.62 NOTE
r-release-linux-x86_64 0.3.3 15.39 120.15 135.54 NOTE
r-release-macos-arm64 0.3.3 44.00 NOTE
r-release-windows-x86_64 0.3.3 20.00 109.00 129.00 NOTE
r-oldrel-macos-arm64 0.3.3 39.00 NOTE
r-oldrel-macos-x86_64 0.3.3 79.00 NOTE
r-oldrel-windows-x86_64 0.3.3 23.00 145.00 168.00 NOTE

Check Details

Version: 0.3.3
Check: C++ specification
Result: NOTE Specified C++11: please drop specification unless essential Flavors: r-devel-linux-x86_64-debian-clang, r-devel-linux-x86_64-debian-gcc, r-devel-linux-x86_64-fedora-clang, r-devel-linux-x86_64-fedora-gcc, r-devel-windows-x86_64, r-patched-linux-x86_64, r-release-linux-x86_64, r-release-macos-arm64, r-release-windows-x86_64, r-oldrel-macos-arm64, r-oldrel-macos-x86_64, r-oldrel-windows-x86_64