CRAN Package Check Results for Package geomaroc

Last updated on 2024-06-18 19:49:09 CEST.

Flavor Version Tinstall Tcheck Ttotal Status Flags
r-devel-linux-x86_64-debian-clang 0.1.1 2.34 29.12 31.46 NOTE
r-devel-linux-x86_64-debian-gcc 0.1.1 2.00 22.39 24.39 NOTE
r-devel-linux-x86_64-fedora-clang 0.1.1 41.80 NOTE
r-devel-linux-x86_64-fedora-gcc 0.1.1 52.44 NOTE
r-devel-windows-x86_64 0.1.1 3.00 44.00 47.00 NOTE
r-patched-linux-x86_64 0.1.1 2.56 28.38 30.94 NOTE
r-release-linux-x86_64 0.1.1 2.21 27.82 30.03 NOTE
r-release-macos-arm64 0.1.1 23.00 NOTE
r-release-macos-x86_64 0.1.1 36.00 NOTE
r-release-windows-x86_64 0.1.1 4.00 46.00 50.00 NOTE
r-oldrel-macos-arm64 0.1.1 22.00 NOTE
r-oldrel-macos-x86_64 0.1.1 31.00 NOTE
r-oldrel-windows-x86_64 0.1.1 4.00 48.00 52.00 NOTE

Check Details

Version: 0.1.1
Check: package dependencies
Result: NOTE Package suggested but not available for checking: ‘geomarocdata’ Flavors: r-devel-linux-x86_64-debian-clang, r-devel-linux-x86_64-debian-gcc, r-devel-linux-x86_64-fedora-clang, r-devel-linux-x86_64-fedora-gcc, r-devel-windows-x86_64, r-patched-linux-x86_64, r-release-linux-x86_64, r-release-macos-arm64, r-release-macos-x86_64, r-release-windows-x86_64, r-oldrel-macos-arm64, r-oldrel-macos-x86_64, r-oldrel-windows-x86_64