Last updated on 2025-01-19 09:48:21 CET.
Flavor | Version | Tinstall | Tcheck | Ttotal | Status | Flags |
---|---|---|---|---|---|---|
r-devel-linux-x86_64-debian-clang | 0.1.2 | 14.29 | 95.71 | 110.00 | NOTE | |
r-devel-linux-x86_64-debian-gcc | 0.1.2 | 9.43 | 68.37 | 77.80 | NOTE | |
r-devel-linux-x86_64-fedora-clang | 0.1.2 | 179.50 | OK | |||
r-devel-linux-x86_64-fedora-gcc | 0.1.2 | 168.88 | OK | |||
r-devel-windows-x86_64 | 0.1.2 | 13.00 | 99.00 | 112.00 | NOTE | |
r-patched-linux-x86_64 | 0.1.2 | 16.38 | 90.28 | 106.66 | OK | |
r-release-linux-x86_64 | 0.1.2 | 12.00 | 89.01 | 101.01 | OK | |
r-release-macos-arm64 | 0.1.2 | 46.00 | OK | |||
r-release-macos-x86_64 | 0.1.2 | 68.00 | OK | |||
r-release-windows-x86_64 | 0.1.2 | 13.00 | 97.00 | 110.00 | OK | |
r-oldrel-macos-arm64 | 0.1.2 | 51.00 | OK | |||
r-oldrel-macos-x86_64 | 0.1.2 | 128.00 | OK | |||
r-oldrel-windows-x86_64 | 0.1.2 | 17.00 | 122.00 | 139.00 | OK |
Version: 0.1.2
Check: Rd cross-references
Result: NOTE
Found the following Rd file(s) with Rd \link{} targets missing package
anchors:
geelm.Rd: geese
Please provide package anchors for all Rd \link{} targets not in the
package itself and the base packages.
Flavors: r-devel-linux-x86_64-debian-clang, r-devel-linux-x86_64-debian-gcc, r-devel-windows-x86_64