CRAN Package Check Results for Package gcite

Last updated on 2024-06-24 07:53:33 CEST.

Flavor Version Tinstall Tcheck Ttotal Status Flags
r-devel-linux-x86_64-debian-clang 0.10.1 5.20 48.01 53.21 NOTE
r-devel-linux-x86_64-debian-gcc 0.10.1 3.32 35.24 38.56 NOTE
r-devel-linux-x86_64-fedora-clang 0.10.1 64.77 NOTE
r-devel-linux-x86_64-fedora-gcc 0.10.1 62.19 NOTE
r-devel-windows-x86_64 0.10.1 6.00 57.00 63.00 NOTE
r-patched-linux-x86_64 0.10.1 7.62 44.21 51.83 NOTE
r-release-linux-x86_64 0.10.1 5.28 45.07 50.35 NOTE
r-release-macos-arm64 0.10.1 25.00 NOTE
r-release-macos-x86_64 0.10.1 34.00 NOTE
r-release-windows-x86_64 0.10.1 7.00 57.00 64.00 NOTE
r-oldrel-macos-arm64 0.10.1 25.00 NOTE
r-oldrel-macos-x86_64 0.10.1 33.00 NOTE
r-oldrel-windows-x86_64 0.10.1 7.00 64.00 71.00 NOTE

Check Details

Version: 0.10.1
Check: LazyData
Result: NOTE 'LazyData' is specified without a 'data' directory Flavors: r-devel-linux-x86_64-debian-clang, r-devel-linux-x86_64-debian-gcc, r-devel-linux-x86_64-fedora-clang, r-devel-linux-x86_64-fedora-gcc, r-devel-windows-x86_64, r-patched-linux-x86_64, r-release-linux-x86_64, r-release-macos-arm64, r-release-macos-x86_64, r-release-windows-x86_64, r-oldrel-macos-arm64, r-oldrel-macos-x86_64, r-oldrel-windows-x86_64