CRAN Package Check Results for Package gamlss.inf

Last updated on 2024-07-18 08:51:09 CEST.

Flavor Version Tinstall Tcheck Ttotal Status Flags
r-devel-linux-x86_64-debian-clang 1.0-1 13.85 106.61 120.46 NOTE
r-devel-linux-x86_64-debian-gcc 1.0-1 8.38 78.54 86.92 NOTE
r-devel-linux-x86_64-fedora-clang 1.0-1 155.68 NOTE
r-devel-linux-x86_64-fedora-gcc 1.0-1 137.86 NOTE
r-devel-windows-x86_64 1.0-1 10.00 91.00 101.00 NOTE --no-vignettes
r-patched-linux-x86_64 1.0-1 12.50 103.93 116.43 NOTE
r-release-linux-x86_64 1.0-1 11.47 100.75 112.22 NOTE
r-release-macos-arm64 1.0-1 42.00 NOTE
r-release-macos-x86_64 1.0-1 61.00 NOTE
r-release-windows-x86_64 1.0-1 11.00 93.00 104.00 NOTE --no-vignettes
r-oldrel-macos-arm64 1.0-1 45.00 OK
r-oldrel-macos-x86_64 1.0-1 77.00 OK
r-oldrel-windows-x86_64 1.0-1 14.00 94.00 108.00 OK --no-vignettes

Check Details

Version: 1.0-1
Check: Rd files
Result: NOTE checkRd: (-1) term.plotZadj.Rd:6: Lost braces 6 | \ This is a wrapper to function \code{\link[gamlss]{term.plot}}. code{term.plotZadj} produces term plots for a specified parameter from a | ^ Flavors: r-devel-linux-x86_64-debian-clang, r-devel-linux-x86_64-debian-gcc, r-devel-linux-x86_64-fedora-clang, r-devel-linux-x86_64-fedora-gcc, r-patched-linux-x86_64, r-release-linux-x86_64, r-release-macos-arm64, r-release-macos-x86_64

Version: 1.0-1
Flags: --no-vignettes
Check: Rd files
Result: NOTE checkRd: (-1) term.plotZadj.Rd:6: Lost braces 6 | \ This is a wrapper to function \code{\link[gamlss]{term.plot}}. code{term.plotZadj} produces term plots for a specified parameter from a | ^ Flavors: r-devel-windows-x86_64, r-release-windows-x86_64

Version: 1.0-1
Flags: --no-vignettes
Check: Rd cross-references
Result: NOTE Found the following Rd file(s) with Rd \link{} targets missing package anchors: centiles.Inf0to1.Rd: gamlss, centiles.split, centiles.com gamlssInf0to1.Rd: gamlss, gen.Family, gamlss.family, BEINF, BE, BEo, BEZI, BEOI gamlssZadj.Rd: gamlss, gen.Family, gamlss.family, ZAGA, ZAIG Please provide package anchors for all Rd \link{} targets not in the package itself and the base packages. Flavor: r-devel-windows-x86_64