CRAN Package Check Results for Package gamlss

Last updated on 2024-06-12 19:54:19 CEST.

Flavor Version Tinstall Tcheck Ttotal Status Flags
r-devel-linux-x86_64-debian-clang 5.4-22 32.57 243.32 275.89 OK
r-devel-linux-x86_64-debian-gcc 5.4-22 25.24 166.92 192.16 NOTE
r-devel-linux-x86_64-fedora-clang 5.4-22 333.67 OK
r-devel-linux-x86_64-fedora-gcc 5.4-22 316.82 OK
r-devel-windows-x86_64 5.4-22 30.00 185.00 215.00 OK
r-patched-linux-x86_64 5.4-22 40.60 226.49 267.09 OK
r-release-linux-x86_64 5.4-22 26.53 230.36 256.89 OK
r-release-macos-arm64 5.4-22 78.00 OK
r-release-macos-x86_64 5.4-22 192.00 OK
r-release-windows-x86_64 5.4-22 28.00 183.00 211.00 OK
r-oldrel-macos-arm64 5.4-22 86.00 OK
r-oldrel-macos-x86_64 5.4-22 251.00 OK
r-oldrel-windows-x86_64 5.4-22 39.00 229.00 268.00 OK

Check Details

Version: 5.4-22
Check: package dependencies
Result: NOTE Package suggested but not available for checking: ‘distributions3’ Flavor: r-devel-linux-x86_64-debian-gcc