Last updated on 2025-01-23 19:49:24 CET.
Flavor | Version | Tinstall | Tcheck | Ttotal | Status | Flags |
---|---|---|---|---|---|---|
r-devel-linux-x86_64-debian-clang | 1.5.4 | 9.97 | 238.65 | 248.62 | OK | |
r-devel-linux-x86_64-debian-gcc | 1.5.4 | 6.34 | 175.09 | 181.43 | NOTE | |
r-devel-linux-x86_64-fedora-clang | 1.5.4 | 414.42 | OK | |||
r-devel-linux-x86_64-fedora-gcc | 1.5.4 | 382.40 | OK | |||
r-devel-windows-x86_64 | 1.5.4 | 13.00 | 233.00 | 246.00 | OK | |
r-patched-linux-x86_64 | 1.5.4 | 9.57 | 222.58 | 232.15 | OK | |
r-release-linux-x86_64 | 1.5.4 | 9.48 | 224.22 | 233.70 | OK | |
r-release-macos-arm64 | 1.5.4 | 113.00 | NOTE | |||
r-release-macos-x86_64 | 1.5.4 | 192.00 | NOTE | |||
r-release-windows-x86_64 | 1.5.4 | 11.00 | 218.00 | 229.00 | NOTE | |
r-oldrel-macos-arm64 | 1.5.4 | 106.00 | NOTE | |||
r-oldrel-macos-x86_64 | 1.5.4 | 179.00 | NOTE | |||
r-oldrel-windows-x86_64 | 1.5.4 | 15.00 | 277.00 | 292.00 | NOTE |
Version: 1.5.4
Check: DESCRIPTION meta-information
Result: NOTE
Missing dependency on R >= 4.1.0 because package code uses the pipe
|> or function shorthand \(...) syntax added in R 4.1.0.
File(s) using such syntax:
‘ndset.R’
Flavor: r-devel-linux-x86_64-debian-gcc
Version: 1.5.4
Check: installed package size
Result: NOTE
installed size is 6.3Mb
sub-directories of 1Mb or more:
doc 5.0Mb
Flavors: r-release-macos-arm64, r-release-macos-x86_64, r-release-windows-x86_64, r-oldrel-macos-arm64, r-oldrel-macos-x86_64, r-oldrel-windows-x86_64