CRAN Package Check Results for Package fractaldim

Last updated on 2024-07-19 20:49:30 CEST.

Flavor Version Tinstall Tcheck Ttotal Status Flags
r-devel-linux-x86_64-debian-clang 0.8-5 3.72 34.76 38.48 NOTE
r-devel-linux-x86_64-debian-gcc 0.8-5 2.33 26.20 28.53 NOTE
r-devel-linux-x86_64-fedora-clang 0.8-5 51.57 NOTE
r-devel-linux-x86_64-fedora-gcc 0.8-5 46.00 NOTE
r-devel-windows-x86_64 0.8-5 4.00 53.00 57.00 NOTE
r-patched-linux-x86_64 0.8-5 3.69 33.35 37.04 NOTE
r-release-linux-x86_64 0.8-5 3.48 33.54 37.02 NOTE
r-release-macos-arm64 0.8-5 20.00 NOTE
r-release-macos-x86_64 0.8-5 30.00 NOTE
r-release-windows-x86_64 0.8-5 6.00 52.00 58.00 NOTE
r-oldrel-macos-arm64 0.8-5 20.00 NOTE
r-oldrel-macos-x86_64 0.8-5 27.00 NOTE
r-oldrel-windows-x86_64 0.8-5 5.00 53.00 58.00 NOTE

Check Details

Version: 0.8-5
Check: package dependencies
Result: NOTE Package suggested but not available for checking: ‘RandomFields’ Flavors: r-devel-linux-x86_64-debian-clang, r-devel-linux-x86_64-debian-gcc, r-devel-linux-x86_64-fedora-clang, r-devel-linux-x86_64-fedora-gcc, r-devel-windows-x86_64, r-patched-linux-x86_64, r-release-linux-x86_64, r-release-macos-arm64, r-release-macos-x86_64, r-release-windows-x86_64, r-oldrel-macos-arm64, r-oldrel-macos-x86_64, r-oldrel-windows-x86_64