CRAN Package Check Results for Package formula.tools

Last updated on 2024-05-30 19:50:36 CEST.

Flavor Version Tinstall Tcheck Ttotal Status Flags
r-devel-linux-x86_64-debian-clang 1.7.1 4.28 31.35 35.63 NOTE
r-devel-linux-x86_64-debian-gcc 1.7.1 2.95 24.36 27.31 NOTE
r-devel-linux-x86_64-fedora-clang 1.7.1 45.38 NOTE
r-devel-linux-x86_64-fedora-gcc 1.7.1 41.93 NOTE
r-devel-windows-x86_64 1.7.1 5.00 47.00 52.00 NOTE
r-patched-linux-x86_64 1.7.1 4.07 30.83 34.90 NOTE
r-release-linux-x86_64 1.7.1 3.41 30.13 33.54 NOTE
r-release-macos-arm64 1.7.1 18.00 NOTE
r-release-windows-x86_64 1.7.1 5.00 46.00 51.00 NOTE
r-oldrel-macos-arm64 1.7.1 22.00 NOTE
r-oldrel-macos-x86_64 1.7.1 26.00 NOTE
r-oldrel-windows-x86_64 1.7.1 5.00 55.00 60.00 NOTE

Check Details

Version: 1.7.1
Check: LazyData
Result: NOTE 'LazyData' is specified without a 'data' directory Flavors: r-devel-linux-x86_64-debian-clang, r-devel-linux-x86_64-debian-gcc, r-devel-linux-x86_64-fedora-clang, r-devel-linux-x86_64-fedora-gcc, r-devel-windows-x86_64, r-patched-linux-x86_64, r-release-linux-x86_64, r-release-macos-arm64, r-release-windows-x86_64, r-oldrel-macos-arm64, r-oldrel-macos-x86_64, r-oldrel-windows-x86_64