CRAN Package Check Results for Package foreach

Last updated on 2024-02-26 18:50:00 CET.

Flavor Version Tinstall Tcheck Ttotal Status Flags
r-devel-linux-x86_64-debian-clang 1.5.2 2.74 57.19 59.93 OK
r-devel-linux-x86_64-debian-gcc 1.5.2 2.05 44.95 47.00 OK
r-devel-linux-x86_64-fedora-clang 1.5.2 76.06 OK
r-devel-linux-x86_64-fedora-gcc 1.5.2 89.78 OK
r-devel-windows-x86_64 1.5.2 5.00 142.00 147.00 NOTE
r-patched-linux-x86_64 1.5.2 3.13 57.23 60.36 OK
r-release-linux-x86_64 1.5.2 3.11 55.88 58.99 OK
r-release-macos-arm64 1.5.2 111.00 OK
r-release-macos-x86_64 1.5.2 122.00 OK
r-release-windows-x86_64 1.5.2 6.00 152.00 158.00 NOTE
r-oldrel-macos-arm64 1.5.2 105.00 OK
r-oldrel-windows-x86_64 1.5.2 5.00 155.00 160.00 NOTE

Check Details

Version: 1.5.2
Check: package dependencies
Result: NOTE Package suggested but not available for checking: 'doMC' Flavors: r-devel-windows-x86_64, r-release-windows-x86_64, r-oldrel-windows-x86_64