CRAN Package Check Results for Package fontquiver

Last updated on 2024-05-24 19:56:32 CEST.

Flavor Version Tinstall Tcheck Ttotal Status Flags
r-devel-linux-x86_64-debian-clang 0.2.1 2.08 27.06 29.14 NOTE
r-devel-linux-x86_64-debian-gcc 0.2.1 2.33 20.32 22.65 NOTE
r-devel-linux-x86_64-fedora-clang 0.2.1 37.93 NOTE
r-devel-linux-x86_64-fedora-gcc 0.2.1 34.24 NOTE
r-devel-windows-x86_64 0.2.1 4.00 42.00 46.00 NOTE
r-patched-linux-x86_64 0.2.1 3.50 25.45 28.95 NOTE
r-release-linux-x86_64 0.2.1 3.37 25.96 29.33 NOTE
r-release-macos-arm64 0.2.1 17.00 NOTE
r-release-windows-x86_64 0.2.1 4.00 43.00 47.00 NOTE
r-oldrel-macos-arm64 0.2.1 17.00 NOTE
r-oldrel-macos-x86_64 0.2.1 23.00 NOTE
r-oldrel-windows-x86_64 0.2.1 4.00 42.00 46.00 NOTE

Check Details

Version: 0.2.1
Check: LazyData
Result: NOTE 'LazyData' is specified without a 'data' directory Flavors: r-devel-linux-x86_64-debian-clang, r-devel-linux-x86_64-debian-gcc, r-devel-linux-x86_64-fedora-clang, r-devel-linux-x86_64-fedora-gcc, r-devel-windows-x86_64, r-patched-linux-x86_64, r-release-linux-x86_64, r-release-macos-arm64, r-release-windows-x86_64, r-oldrel-macos-arm64, r-oldrel-macos-x86_64, r-oldrel-windows-x86_64